{"id":356,"date":"2025-09-25T09:14:10","date_gmt":"2025-09-25T07:14:10","guid":{"rendered":"https:\/\/menalib.bibliothek.uni-halle.de\/?page_id=356"},"modified":"2025-11-26T14:33:34","modified_gmt":"2025-11-26T13:33:34","slug":"second-publications-via-online-form-in-3-steps","status":"publish","type":"page","link":"https:\/\/www.menalib.de\/english\/service\/publish-on-menadoc\/second-publications-via-online-form-in-3-steps\/","title":{"rendered":"Secondary publications via online form in 3 steps"},"content":{"rendered":"<div data-elementor-type=\"wp-page\" data-elementor-id=\"356\" class=\"elementor elementor-356\" data-elementor-post-type=\"page\">\n\t\t\t\t<div class=\"elementor-element elementor-element-5de700c3 e-flex e-con-boxed e-con e-parent\" data-id=\"5de700c3\" data-element_type=\"container\">\n\t\t\t\t\t<div class=\"e-con-inner\">\n\t\t<div class=\"elementor-element elementor-element-68b37942 e-con-full e-flex e-con e-child\" data-id=\"68b37942\" data-element_type=\"container\">\n\t\t\t\t<div class=\"elementor-element elementor-element-16688857 elementor-widget elementor-widget-breadcrumbs\" data-id=\"16688857\" data-element_type=\"widget\" data-widget_type=\"breadcrumbs.default\">\n\t\t\t\t\t<p id=\"breadcrumbs\"><span><span><a href=\"https:\/\/www.menalib.de\/english\/\">Home page<\/a><\/span><\/span><\/p>\t\t\t\t<\/div>\n\t\t\t\t<\/div>\n\t\t\t\t\t<\/div>\n\t\t\t\t<\/div>\n\t\t<div class=\"elementor-element elementor-element-384a512 e-flex e-con-boxed e-con e-parent\" data-id=\"384a512\" data-element_type=\"container\">\n\t\t\t\t\t<div class=\"e-con-inner\">\n\t\t<div class=\"elementor-element elementor-element-f8223b1 e-flex e-con-boxed e-con e-child\" data-id=\"f8223b1\" data-element_type=\"container\">\n\t\t\t\t\t<div class=\"e-con-inner\">\n\t\t\t\t\t<\/div>\n\t\t\t\t<\/div>\n\t\t\t\t\t<\/div>\n\t\t\t\t<\/div>\n\t\t<div class=\"elementor-element elementor-element-c771897 e-flex e-con-boxed e-con e-parent\" data-id=\"c771897\" data-element_type=\"container\">\n\t\t\t\t\t<div class=\"e-con-inner\">\n\t\t<div class=\"elementor-element elementor-element-995eca2 e-con-full e-flex e-con e-child\" data-id=\"995eca2\" data-element_type=\"container\">\n\t\t\t\t<div class=\"elementor-element elementor-element-d88f9d0 elementor-widget__width-initial elementor-widget-divider--view-line elementor-invisible elementor-widget elementor-widget-divider\" data-id=\"d88f9d0\" data-element_type=\"widget\" data-settings=\"{&quot;_animation&quot;:&quot;fadeInLeft&quot;}\" data-widget_type=\"divider.default\">\n\t\t\t\t\t\t\t<div class=\"elementor-divider\">\n\t\t\t<span class=\"elementor-divider-separator\">\n\t\t\t\t\t\t<\/span>\n\t\t<\/div>\n\t\t\t\t\t\t<\/div>\n\t\t\t\t<\/div>\n\t\t<div class=\"elementor-element elementor-element-1c6914b e-con-full e-flex e-con e-child\" data-id=\"1c6914b\" data-element_type=\"container\">\n\t\t\t\t<div class=\"elementor-element elementor-element-31016be elementor-widget elementor-widget-heading\" data-id=\"31016be\" data-element_type=\"widget\" data-widget_type=\"heading.default\">\n\t\t\t\t\t<span class=\"elementor-heading-title elementor-size-default\">Procedure<\/span>\t\t\t\t<\/div>\n\t\t\t\t<div class=\"elementor-element elementor-element-c8659dc elementor-widget elementor-widget-text-editor\" data-id=\"c8659dc\" data-element_type=\"widget\" data-widget_type=\"text-editor.default\">\n\t\t\t\t\t\t\t\t\t<ol><li>Fill in the form<\/li><li>Upload publication or publication list<\/li><li>Confirm declaration of consent and data protection<\/li><\/ol>\t\t\t\t\t\t\t\t<\/div>\n\t\t\t\t<\/div>\n\t\t\t\t\t<\/div>\n\t\t\t\t<\/div>\n\t\t<div class=\"elementor-element elementor-element-046a3db e-flex e-con-boxed e-con e-parent\" data-id=\"046a3db\" data-element_type=\"container\">\n\t\t\t\t\t<div class=\"e-con-inner\">\n\t\t<div class=\"elementor-element elementor-element-5c89d81 e-con-full e-flex e-con e-child\" data-id=\"5c89d81\" data-element_type=\"container\">\n\t\t\t\t<div class=\"elementor-element elementor-element-e2200d7 elementor-widget__width-initial elementor-widget-divider--view-line elementor-invisible elementor-widget elementor-widget-divider\" data-id=\"e2200d7\" data-element_type=\"widget\" data-settings=\"{&quot;_animation&quot;:&quot;fadeInLeft&quot;}\" data-widget_type=\"divider.default\">\n\t\t\t\t\t\t\t<div class=\"elementor-divider\">\n\t\t\t<span class=\"elementor-divider-separator\">\n\t\t\t\t\t\t<\/span>\n\t\t<\/div>\n\t\t\t\t\t\t<\/div>\n\t\t\t\t<\/div>\n\t\t<div class=\"elementor-element elementor-element-bc05ca0 e-con-full e-flex e-con e-child\" data-id=\"bc05ca0\" data-element_type=\"container\">\n\t\t\t\t<div class=\"elementor-element elementor-element-22cbc6f elementor-widget elementor-widget-heading\" data-id=\"22cbc6f\" data-element_type=\"widget\" data-widget_type=\"heading.default\">\n\t\t\t\t\t<span class=\"elementor-heading-title elementor-size-default\">Forum form<\/span>\t\t\t\t<\/div>\n\t\t\t\t<div class=\"elementor-element elementor-element-e9e9b79 elementor-widget elementor-widget-text-editor\" data-id=\"e9e9b79\" data-element_type=\"widget\" data-widget_type=\"text-editor.default\">\n\t\t\t\t\t\t\t\t\t<p>Fields with <span style=\"color: #ff0000\">*<\/span> must be filled in.<\/p>\t\t\t\t\t\t\t\t<\/div>\n\t\t\t\t<div class=\"elementor-element elementor-element-4dc10d4 elementor-button-align-stretch elementor-widget elementor-widget-form\" data-id=\"4dc10d4\" data-element_type=\"widget\" data-settings=\"{&quot;step_next_label&quot;:&quot;N\\u00e4chster&quot;,&quot;step_previous_label&quot;:&quot;Voriger&quot;,&quot;button_width&quot;:&quot;30&quot;,&quot;step_type&quot;:&quot;none&quot;,&quot;step_icon_shape&quot;:&quot;none&quot;}\" data-widget_type=\"form.default\">\n\t\t\t\t\t\t\t<form class=\"elementor-form\" method=\"post\" name=\"Neues Formular\" aria-label=\"New form\" action=\"\">\n\t\t\t<input type=\"hidden\" name=\"post_id\" value=\"356\"\/>\n\t\t\t<input type=\"hidden\" name=\"form_id\" value=\"4dc10d4\"\/>\n\t\t\t<input type=\"hidden\" name=\"referer_title\" value=\"MENAlib &#8211; Webportal des FID Nahost-, Nordafrika- und Islamstudien\" \/>\n\n\t\t\t\n\t\t\t<div class=\"elementor-form-fields-wrapper elementor-labels-above\">\n\t\t\t\t\t\t\t\t<div class=\"elementor-field-type-text elementor-field-group elementor-column elementor-field-group-vorname elementor-col-50 elementor-field-required elementor-mark-required\">\n\t\t\t\t\t\t\t\t\t\t\t\t<label for=\"form-field-vorname\" class=\"elementor-field-label\">\n\t\t\t\t\t\t\t\tAuthor First name\t\t\t\t\t\t\t<\/label>\n\t\t\t\t\t\t\t\t\t\t\t\t\t\t<input size=\"1\" type=\"text\" name=\"form_fields[vorname]\" id=\"form-field-vorname\" class=\"elementor-field elementor-size-sm  elementor-field-textual\" placeholder=\"Author First name\" required=\"required\">\n\t\t\t\t\t\t\t\t\t\t\t<\/div>\n\t\t\t\t\t\t\t\t<div class=\"elementor-field-type-text elementor-field-group elementor-column elementor-field-group-nachname elementor-col-50 elementor-field-required elementor-mark-required\">\n\t\t\t\t\t\t\t\t\t\t\t\t<label for=\"form-field-nachname\" class=\"elementor-field-label\">\n\t\t\t\t\t\t\t\tAuthor last name\t\t\t\t\t\t\t<\/label>\n\t\t\t\t\t\t\t\t\t\t\t\t\t\t<input size=\"1\" type=\"text\" name=\"form_fields[nachname]\" id=\"form-field-nachname\" class=\"elementor-field elementor-size-sm  elementor-field-textual\" placeholder=\"Author last name\" required=\"required\">\n\t\t\t\t\t\t\t\t\t\t\t<\/div>\n\t\t\t\t\t\t\t\t<div class=\"elementor-field-type-email elementor-field-group elementor-column elementor-field-group-email elementor-col-100 elementor-field-required elementor-mark-required\">\n\t\t\t\t\t\t\t\t\t\t\t\t<label for=\"form-field-email\" class=\"elementor-field-label\">\n\t\t\t\t\t\t\t\t<br>E-mail address\t\t\t\t\t\t\t<\/label>\n\t\t\t\t\t\t\t\t\t\t\t\t\t\t<input size=\"1\" type=\"email\" name=\"form_fields[email]\" id=\"form-field-email\" class=\"elementor-field elementor-size-sm  elementor-field-textual\" placeholder=\"vorname.nachname@domain.de\" required=\"required\">\n\t\t\t\t\t\t\t\t\t\t\t<\/div>\n\t\t\t\t\t\t\t\t<div class=\"elementor-field-type-text elementor-field-group elementor-column elementor-field-group-field_94edcb0 elementor-col-50\">\n\t\t\t\t\t\t\t\t\t\t\t\t<label for=\"form-field-field_94edcb0\" class=\"elementor-field-label\">\n\t\t\t\t\t\t\t\tAffiliation\t\t\t\t\t\t\t<\/label>\n\t\t\t\t\t\t\t\t\t\t\t\t\t\t<input size=\"1\" type=\"text\" name=\"form_fields[field_94edcb0]\" id=\"form-field-field_94edcb0\" class=\"elementor-field elementor-size-sm  elementor-field-textual\" placeholder=\"Affiliation\">\n\t\t\t\t\t\t\t\t\t\t\t<\/div>\n\t\t\t\t\t\t\t\t<div class=\"elementor-field-type-text elementor-field-group elementor-column elementor-field-group-field_7185c60 elementor-col-50\">\n\t\t\t\t\t\t\t\t\t\t\t\t<label for=\"form-field-field_7185c60\" class=\"elementor-field-label\">\n\t\t\t\t\t\t\t\tORCID\t\t\t\t\t\t\t<\/label>\n\t\t\t\t\t\t\t\t\t\t\t\t\t\t<input size=\"1\" type=\"text\" name=\"form_fields[field_7185c60]\" id=\"form-field-field_7185c60\" class=\"elementor-field elementor-size-sm  elementor-field-textual\" placeholder=\"ORCID\">\n\t\t\t\t\t\t\t\t\t\t\t<\/div>\n\t\t\t\t\t\t\t\t<div class=\"elementor-field-type-textarea elementor-field-group elementor-column elementor-field-group-field_396ec58 elementor-col-100\">\n\t\t\t\t\t\t\t\t\t\t\t\t<label for=\"form-field-field_396ec58\" class=\"elementor-field-label\">\n\t\t\t\t\t\t\t\tMain research areas\t\t\t\t\t\t\t<\/label>\n\t\t\t\t\t\t<textarea class=\"elementor-field-textual elementor-field  elementor-size-sm\" name=\"form_fields[field_396ec58]\" id=\"form-field-field_396ec58\" rows=\"4\" placeholder=\"Main research areas\"><\/textarea>\t\t\t\t<\/div>\n\t\t\t\t\t\t\t\t<div class=\"elementor-field-type-upload elementor-field-group elementor-column elementor-field-group-vertrag elementor-col-100 elementor-field-required elementor-mark-required\">\n\t\t\t\t\t\t\t\t\t\t\t\t<label for=\"form-field-vertrag\" class=\"elementor-field-label\">\n\t\t\t\t\t\t\t\tAttach publication or list of publications\t\t\t\t\t\t\t<\/label>\n\t\t\t\t\t\t\t\t<input type=\"file\" name=\"form_fields[vertrag]\" id=\"form-field-vertrag\" class=\"elementor-field elementor-size-sm  elementor-upload-field\" required=\"required\" data-maxsize=\"10\" data-maxsize-message=\"This file exceeds the maximum allowed size.\">\n\n\t\t\t\t\t\t<\/div>\n\t\t\t\t\t\t\t\t<div class=\"elementor-field-type-radio elementor-field-group elementor-column elementor-field-group-field_c9924bd elementor-col-100\">\n\t\t\t\t\t\t\t\t\t\t\t\t<label for=\"form-field-field_c9924bd\" class=\"elementor-field-label\">\n\t\t\t\t\t\t\t\tHave you signed a separate contract and received payment for your publications?\t\t\t\t\t\t\t<\/label>\n\t\t\t\t\t\t<div class=\"elementor-field-subgroup\"><span class=\"elementor-field-option\"><input type=\"radio\" value=\"Ja\" id=\"form-field-field_c9924bd-0\" name=\"form_fields[field_c9924bd]\"> <label for=\"form-field-field_c9924bd-0\">Yes<\/label><\/span><span class=\"elementor-field-option\"><input type=\"radio\" value=\"Nein\" id=\"form-field-field_c9924bd-1\" name=\"form_fields[field_c9924bd]\"> <label for=\"form-field-field_c9924bd-1\">No<\/label><\/span><\/div>\t\t\t\t<\/div>\n\t\t\t\t\t\t\t\t<div class=\"elementor-field-type-textarea elementor-field-group elementor-column elementor-field-group-anmerkungen elementor-col-100\">\n\t\t\t\t\t\t\t\t\t\t\t\t<label for=\"form-field-anmerkungen\" class=\"elementor-field-label\">\n\t\t\t\t\t\t\t\tFurther notes:\t\t\t\t\t\t\t<\/label>\n\t\t\t\t\t\t<textarea class=\"elementor-field-textual elementor-field  elementor-size-sm\" name=\"form_fields[anmerkungen]\" id=\"form-field-anmerkungen\" rows=\"4\"><\/textarea>\t\t\t\t<\/div>\n\t\t\t\t\t\t\t\t<div class=\"elementor-field-type-acceptance elementor-field-group elementor-column elementor-field-group-fernleih elementor-col-100 elementor-field-required elementor-mark-required\">\n\t\t\t\t\t\t\t<div class=\"elementor-field-subgroup\">\n\t\t\t<span class=\"elementor-field-option\">\n\t\t\t\t<input type=\"checkbox\" name=\"form_fields[fernleih]\" id=\"form-field-fernleih\" class=\"elementor-field elementor-size-sm  elementor-acceptance-field\" required=\"required\">\n\t\t\t\t<label for=\"form-field-fernleih\">I would also like to set up an interlibrary loan account with the Joint Library Network (GBV). I agree to the forwarding of my data to the Joint Library Network (GBV) for the use of interlibrary loans.*<\/label>\t\t\t<\/span>\n\t\t<\/div>\n\t\t\t\t\t\t<\/div>\n\t\t\t\t\t\t\t\t<div class=\"elementor-field-type-text\">\n\t\t\t\t\t<input size=\"1\" type=\"text\" name=\"form_fields[field_186d72e]\" id=\"form-field-field_186d72e\" class=\"elementor-field elementor-size-sm\" style=\"display:none !important;\">\t\t\t\t<\/div>\n\t\t\t\t\t\t\t\t<div class=\"elementor-field-type-acceptance elementor-field-group elementor-column elementor-field-group-field_3d688c4 elementor-col-100 elementor-field-required elementor-mark-required\">\n\t\t\t\t\t\t\t<div class=\"elementor-field-subgroup\">\n\t\t\t<span class=\"elementor-field-option\">\n\t\t\t\t<input type=\"checkbox\" name=\"form_fields[field_3d688c4]\" id=\"form-field-field_3d688c4\" class=\"elementor-field elementor-size-sm  elementor-acceptance-field\" required=\"required\">\n\t\t\t\t<label for=\"form-field-field_3d688c4\">I have red the <a href=\"https:\/\/www.menalib.de\/english\/data-protection\/\" target=\"blank\"><u>Data protection information<\/u><\/a> and I agree to the processing of my personal data*.<\/label>\t\t\t<\/span>\n\t\t<\/div>\n\t\t\t\t\t\t<\/div>\n\t\t\t\t\t\t\t\t<div class=\"elementor-field-type-text\">\n\t\t\t\t\t<input size=\"1\" type=\"text\" name=\"form_fields[field_4df76b7]\" id=\"form-field-field_4df76b7\" class=\"elementor-field elementor-size-sm\" style=\"display:none !important;\">\t\t\t\t<\/div>\n\t\t\t\t\t\t\t\t<div class=\"elementor-field-group elementor-column elementor-field-type-submit elementor-col-30 e-form__buttons\">\n\t\t\t\t\t<button class=\"elementor-button elementor-size-sm\" type=\"submit\">\n\t\t\t\t\t\t<span class=\"elementor-button-content-wrapper\">\n\t\t\t\t\t\t\t\t\t\t\t\t\t\t\t\t\t\t\t\t\t\t<span class=\"elementor-button-text\">Send<\/span>\n\t\t\t\t\t\t\t\t\t\t\t\t\t<\/span>\n\t\t\t\t\t<\/button>\n\t\t\t\t<\/div>\n\t\t\t<\/div>\n\t\t<input type=\"hidden\" name=\"trp-form-language\" value=\"english\"\/><\/form>\n\t\t\t\t\t\t<\/div>\n\t\t\t\t<\/div>\n\t\t\t\t\t<\/div>\n\t\t\t\t<\/div>\n\t\t<div class=\"elementor-element elementor-element-c82282b e-flex e-con-boxed e-con e-parent\" data-id=\"c82282b\" data-element_type=\"container\">\n\t\t\t\t\t<div class=\"e-con-inner\">\n\t\t<div class=\"elementor-element elementor-element-5b27154 e-con-full e-flex e-con e-child\" data-id=\"5b27154\" data-element_type=\"container\">\n\t\t\t\t<div class=\"elementor-element elementor-element-7fecc7a elementor-widget__width-initial elementor-widget-divider--view-line elementor-invisible elementor-widget elementor-widget-divider\" data-id=\"7fecc7a\" data-element_type=\"widget\" data-settings=\"{&quot;_animation&quot;:&quot;fadeInLeft&quot;}\" data-widget_type=\"divider.default\">\n\t\t\t\t\t\t\t<div class=\"elementor-divider\">\n\t\t\t<span class=\"elementor-divider-separator\">\n\t\t\t\t\t\t<\/span>\n\t\t<\/div>\n\t\t\t\t\t\t<\/div>\n\t\t\t\t<\/div>\n\t\t<div class=\"elementor-element elementor-element-a5887a1 e-con-full e-flex e-con e-child\" data-id=\"a5887a1\" data-element_type=\"container\">\n\t\t\t\t<div class=\"elementor-element elementor-element-7ae7094 elementor-widget elementor-widget-heading\" data-id=\"7ae7094\" data-element_type=\"widget\" data-widget_type=\"heading.default\">\n\t\t\t\t\t<span class=\"elementor-heading-title elementor-size-default\">What happens next?<\/span>\t\t\t\t<\/div>\n\t\t\t\t<div class=\"elementor-element elementor-element-7ac9954 elementor-widget elementor-widget-text-editor\" data-id=\"7ac9954\" data-element_type=\"widget\" data-widget_type=\"text-editor.default\">\n\t\t\t\t\t\t\t\t\t<p>After submitting the form, the FID will check your material for possible secondary publications. For works without a publishing contract either the respective copyright or the open access policy of the respective publishing house is checked.<\/p><p>\u00a0<\/p><p>If you do not have suitable digital copies of your publications that suits secondary publication at hand, they will be digitised as far as possible and made available on the MENAdoc repository under the CC-BY-SA 4.0 DE licence.<\/p><p>\u00a0<\/p><p>With the confirmation of consent you grant the FID only a non-exclusive right of use, i.e. you can publish your articles on other repositories and platforms at any time.<\/p><p>\u00a0<\/p><p>For further questions, please do not hesitate to contact our colleagues at the FID:\u00a0<a href=\"mailto:menadoc@bibliothek.uni-halle.de\">menadoc@bibliothek.uni-halle.de<\/a><\/p>\t\t\t\t\t\t\t\t<\/div>\n\t\t\t\t<\/div>\n\t\t\t\t\t<\/div>\n\t\t\t\t<\/div>\n\t\t\t\t<\/div>","protected":false},"excerpt":{"rendered":"<p>Procedure Fill out the form Upload publication or publication list Confirm declaration of consent and data protection Form Fields marked with * must be filled out. What happens next? After the form has been submitted, the FID will check for possible secondary publication. For publications without a publishing contract, either the respective copyright or the open access policy of the respective publisher will be checked. [\u2026]<\/p>","protected":false},"author":4,"featured_media":0,"parent":338,"menu_order":0,"comment_status":"closed","ping_status":"closed","template":"","meta":{"footnotes":""},"class_list":["post-356","page","type-page","status-publish","hentry"],"yoast_head":"<!-- This site is optimized with the Yoast SEO plugin v25.9 - https:\/\/yoast.com\/wordpress\/plugins\/seo\/ -->\n<title>Zweitver\u00f6ffentlichungen via Online-Formular in 3 Schritten - MENAlib - Webportal des FID Nahost-, Nordafrika- und Islamstudien<\/title>\n<meta name=\"robots\" content=\"index, follow, max-snippet:-1, max-image-preview:large, max-video-preview:-1\" \/>\n<link rel=\"canonical\" href=\"https:\/\/www.menalib.de\/english\/service\/publish-on-menadoc\/second-publications-via-online-form-in-3-steps\/\" \/>\n<meta property=\"og:locale\" content=\"en_GB\" \/>\n<meta property=\"og:type\" content=\"article\" \/>\n<meta property=\"og:title\" content=\"Zweitver\u00f6ffentlichungen via Online-Formular in 3 Schritten - MENAlib - Webportal des FID Nahost-, Nordafrika- und Islamstudien\" \/>\n<meta property=\"og:description\" content=\"Ablauf Formular ausf\u00fcllen Publikation bzw. Publikationsliste hochladen Zustimmungserkl\u00e4rung und Datenschutz best\u00e4tigen Forumular Felder mit * m\u00fcssen ausgef\u00fcllt werden. Wie geht es weiter? Nach dem Abschicken des Formulars wird eine Pr\u00fcfung durch den FID auf eine m\u00f6gliche Zweitver\u00f6ffentlichung vorgenommen. Bei den Publikationen ohne Verlagsvertrag wird entweder das jeweilige Urheberrecht bzw. die Open-Access-Policy des jeweiligen Verlages gepr\u00fcft. [&hellip;]\" \/>\n<meta property=\"og:url\" content=\"https:\/\/www.menalib.de\/english\/service\/publish-on-menadoc\/second-publications-via-online-form-in-3-steps\/\" \/>\n<meta property=\"og:site_name\" content=\"MENAlib - Webportal des FID Nahost-, Nordafrika- und Islamstudien\" \/>\n<meta property=\"article:modified_time\" content=\"2025-11-26T13:33:34+00:00\" \/>\n<meta name=\"twitter:card\" content=\"summary_large_image\" \/>\n<script type=\"application\/ld+json\" class=\"yoast-schema-graph\">{\"@context\":\"https:\/\/schema.org\",\"@graph\":[{\"@type\":\"WebPage\",\"@id\":\"https:\/\/www.menalib.de\/service\/publizieren-auf-menadoc\/zweitveroeffentlichungen-via-online-formular-in-3-schritten\/\",\"url\":\"https:\/\/www.menalib.de\/service\/publizieren-auf-menadoc\/zweitveroeffentlichungen-via-online-formular-in-3-schritten\/\",\"name\":\"Zweitver\u00f6ffentlichungen via Online-Formular in 3 Schritten - MENAlib - Webportal des FID Nahost-, Nordafrika- und Islamstudien\",\"isPartOf\":{\"@id\":\"https:\/\/www.menalib.de\/#website\"},\"datePublished\":\"2025-09-25T07:14:10+00:00\",\"dateModified\":\"2025-11-26T13:33:34+00:00\",\"breadcrumb\":{\"@id\":\"https:\/\/www.menalib.de\/service\/publizieren-auf-menadoc\/zweitveroeffentlichungen-via-online-formular-in-3-schritten\/#breadcrumb\"},\"inLanguage\":\"en-GB\",\"potentialAction\":[{\"@type\":\"ReadAction\",\"target\":[\"https:\/\/www.menalib.de\/service\/publizieren-auf-menadoc\/zweitveroeffentlichungen-via-online-formular-in-3-schritten\/\"]}]},{\"@type\":\"BreadcrumbList\",\"@id\":\"https:\/\/www.menalib.de\/service\/publizieren-auf-menadoc\/zweitveroeffentlichungen-via-online-formular-in-3-schritten\/#breadcrumb\",\"itemListElement\":[{\"@type\":\"ListItem\",\"position\":1,\"name\":\"Startseite\",\"item\":\"https:\/\/www.menalib.de\/\"},{\"@type\":\"ListItem\",\"position\":2,\"name\":\"Service\",\"item\":\"https:\/\/www.menalib.de\/service\/\"},{\"@type\":\"ListItem\",\"position\":3,\"name\":\"Publizieren auf MENAdoc\",\"item\":\"https:\/\/www.menalib.de\/service\/publizieren-auf-menadoc\/\"},{\"@type\":\"ListItem\",\"position\":4,\"name\":\"Zweitver\u00f6ffentlichungen via Online-Formular in 3 Schritten\"}]},{\"@type\":\"WebSite\",\"@id\":\"https:\/\/www.menalib.de\/#website\",\"url\":\"https:\/\/www.menalib.de\/\",\"name\":\"MENAlib - Webportal des FID Nahost-, Nordafrika- und Islamstudien\",\"description\":\"\",\"publisher\":{\"@id\":\"https:\/\/www.menalib.de\/#organization\"},\"potentialAction\":[{\"@type\":\"SearchAction\",\"target\":{\"@type\":\"EntryPoint\",\"urlTemplate\":\"https:\/\/www.menalib.de\/?s={search_term_string}\"},\"query-input\":{\"@type\":\"PropertyValueSpecification\",\"valueRequired\":true,\"valueName\":\"search_term_string\"}}],\"inLanguage\":\"en-GB\"},{\"@type\":\"Organization\",\"@id\":\"https:\/\/www.menalib.de\/#organization\",\"name\":\"MENAlib - Webportal des FID Nahost-, Nordafrika- und Islamstudien\",\"url\":\"https:\/\/www.menalib.de\/\",\"logo\":{\"@type\":\"ImageObject\",\"inLanguage\":\"en-GB\",\"@id\":\"https:\/\/www.menalib.de\/#\/schema\/logo\/image\/\",\"url\":\"https:\/\/www.menalib.de\/wp-content\/uploads\/sites\/2\/2025\/09\/fid-logo-high-end-2025.jpg\",\"contentUrl\":\"https:\/\/www.menalib.de\/wp-content\/uploads\/sites\/2\/2025\/09\/fid-logo-high-end-2025.jpg\",\"width\":968,\"height\":529,\"caption\":\"MENAlib - Webportal des FID Nahost-, Nordafrika- und Islamstudien\"},\"image\":{\"@id\":\"https:\/\/www.menalib.de\/#\/schema\/logo\/image\/\"}}]}<\/script>\n<!-- \/ Yoast SEO plugin. -->","yoast_head_json":{"title":"Secondary publications via online form in 3 steps - MENAlib - Webportal des FID Nahost-, Nordafrika- und Islamstudien","robots":{"index":"index","follow":"follow","max-snippet":"max-snippet:-1","max-image-preview":"max-image-preview:large","max-video-preview":"max-video-preview:-1"},"canonical":"https:\/\/www.menalib.de\/english\/service\/publish-on-menadoc\/second-publications-via-online-form-in-3-steps\/","og_locale":"en_GB","og_type":"article","og_title":"Zweitver\u00f6ffentlichungen via Online-Formular in 3 Schritten - MENAlib - Webportal des FID Nahost-, Nordafrika- und Islamstudien","og_description":"Ablauf Formular ausf\u00fcllen Publikation bzw. Publikationsliste hochladen Zustimmungserkl\u00e4rung und Datenschutz best\u00e4tigen Forumular Felder mit * m\u00fcssen ausgef\u00fcllt werden. Wie geht es weiter? Nach dem Abschicken des Formulars wird eine Pr\u00fcfung durch den FID auf eine m\u00f6gliche Zweitver\u00f6ffentlichung vorgenommen. Bei den Publikationen ohne Verlagsvertrag wird entweder das jeweilige Urheberrecht bzw. die Open-Access-Policy des jeweiligen Verlages gepr\u00fcft. [&hellip;]","og_url":"https:\/\/www.menalib.de\/english\/service\/publish-on-menadoc\/second-publications-via-online-form-in-3-steps\/","og_site_name":"MENAlib - Webportal des FID Nahost-, Nordafrika- und Islamstudien","article_modified_time":"2025-11-26T13:33:34+00:00","twitter_card":"summary_large_image","schema":{"@context":"https:\/\/schema.org","@graph":[{"@type":"WebPage","@id":"https:\/\/www.menalib.de\/service\/publizieren-auf-menadoc\/zweitveroeffentlichungen-via-online-formular-in-3-schritten\/","url":"https:\/\/www.menalib.de\/service\/publizieren-auf-menadoc\/zweitveroeffentlichungen-via-online-formular-in-3-schritten\/","name":"Secondary publications via online form in 3 steps - MENAlib - Webportal des FID Nahost-, Nordafrika- und Islamstudien","isPartOf":{"@id":"https:\/\/www.menalib.de\/#website"},"datePublished":"2025-09-25T07:14:10+00:00","dateModified":"2025-11-26T13:33:34+00:00","breadcrumb":{"@id":"https:\/\/www.menalib.de\/service\/publizieren-auf-menadoc\/zweitveroeffentlichungen-via-online-formular-in-3-schritten\/#breadcrumb"},"inLanguage":"en-GB","potentialAction":[{"@type":"ReadAction","target":["https:\/\/www.menalib.de\/service\/publizieren-auf-menadoc\/zweitveroeffentlichungen-via-online-formular-in-3-schritten\/"]}]},{"@type":"BreadcrumbList","@id":"https:\/\/www.menalib.de\/service\/publizieren-auf-menadoc\/zweitveroeffentlichungen-via-online-formular-in-3-schritten\/#breadcrumb","itemListElement":[{"@type":"ListItem","position":1,"name":"Startseite","item":"https:\/\/www.menalib.de\/"},{"@type":"ListItem","position":2,"name":"Service","item":"https:\/\/www.menalib.de\/service\/"},{"@type":"ListItem","position":3,"name":"Publizieren auf MENAdoc","item":"https:\/\/www.menalib.de\/service\/publizieren-auf-menadoc\/"},{"@type":"ListItem","position":4,"name":"Zweitver\u00f6ffentlichungen via Online-Formular in 3 Schritten"}]},{"@type":"WebSite","@id":"https:\/\/www.menalib.de\/#website","url":"https:\/\/www.menalib.de\/","name":"MENAlib - Web portal of the FID Middle East, North Africa and Islamic Studies","description":"","publisher":{"@id":"https:\/\/www.menalib.de\/#organization"},"potentialAction":[{"@type":"SearchAction","target":{"@type":"EntryPoint","urlTemplate":"https:\/\/www.menalib.de\/?s={search_term_string}"},"query-input":{"@type":"PropertyValueSpecification","valueRequired":true,"valueName":"search_term_string"}}],"inLanguage":"en-GB"},{"@type":"Organization","@id":"https:\/\/www.menalib.de\/#organization","name":"MENAlib - Web portal of the FID Middle East, North Africa and Islamic Studies","url":"https:\/\/www.menalib.de\/","logo":{"@type":"ImageObject","inLanguage":"en-GB","@id":"https:\/\/www.menalib.de\/#\/schema\/logo\/image\/","url":"https:\/\/www.menalib.de\/wp-content\/uploads\/sites\/2\/2025\/09\/fid-logo-high-end-2025.jpg","contentUrl":"https:\/\/www.menalib.de\/wp-content\/uploads\/sites\/2\/2025\/09\/fid-logo-high-end-2025.jpg","width":968,"height":529,"caption":"MENAlib - Webportal des FID Nahost-, Nordafrika- und Islamstudien"},"image":{"@id":"https:\/\/www.menalib.de\/#\/schema\/logo\/image\/"}}]}},"_links":{"self":[{"href":"https:\/\/www.menalib.de\/english\/wp-json\/wp\/v2\/pages\/356","targetHints":{"allow":["GET"]}}],"collection":[{"href":"https:\/\/www.menalib.de\/english\/wp-json\/wp\/v2\/pages"}],"about":[{"href":"https:\/\/www.menalib.de\/english\/wp-json\/wp\/v2\/types\/page"}],"author":[{"embeddable":true,"href":"https:\/\/www.menalib.de\/english\/wp-json\/wp\/v2\/users\/4"}],"replies":[{"embeddable":true,"href":"https:\/\/www.menalib.de\/english\/wp-json\/wp\/v2\/comments?post=356"}],"version-history":[{"count":52,"href":"https:\/\/www.menalib.de\/english\/wp-json\/wp\/v2\/pages\/356\/revisions"}],"predecessor-version":[{"id":3279,"href":"https:\/\/www.menalib.de\/english\/wp-json\/wp\/v2\/pages\/356\/revisions\/3279"}],"up":[{"embeddable":true,"href":"https:\/\/www.menalib.de\/english\/wp-json\/wp\/v2\/pages\/338"}],"wp:attachment":[{"href":"https:\/\/www.menalib.de\/english\/wp-json\/wp\/v2\/media?parent=356"}],"curies":[{"name":"wp","href":"https:\/\/api.w.org\/{rel}","templated":true}]}}