{"id":353,"date":"2025-09-25T09:13:48","date_gmt":"2025-09-25T07:13:48","guid":{"rendered":"https:\/\/menalib.bibliothek.uni-halle.de\/?page_id=353"},"modified":"2025-11-06T13:07:55","modified_gmt":"2025-11-06T12:07:55","slug":"research-apparatus-in-the-interlibrary-loan-system","status":"publish","type":"page","link":"https:\/\/www.menalib.de\/english\/service\/interlibrary-loan\/research-apparatus-in-the-interlibrary-loan-system\/","title":{"rendered":"Forschungsapparat in der Fernleihe"},"content":{"rendered":"<div data-elementor-type=\"wp-page\" data-elementor-id=\"353\" class=\"elementor elementor-353\" data-elementor-post-type=\"page\">\n\t\t\t\t<div class=\"elementor-element elementor-element-553ba030 e-flex e-con-boxed e-con e-parent\" data-id=\"553ba030\" data-element_type=\"container\">\n\t\t\t\t\t<div class=\"e-con-inner\">\n\t\t<div class=\"elementor-element elementor-element-157921b4 e-con-full e-flex e-con e-child\" data-id=\"157921b4\" data-element_type=\"container\">\n\t\t\t\t<div class=\"elementor-element elementor-element-3e4b7f0e elementor-widget elementor-widget-breadcrumbs\" data-id=\"3e4b7f0e\" data-element_type=\"widget\" data-widget_type=\"breadcrumbs.default\">\n\t\t\t\t\t<p id=\"breadcrumbs\"><span><span><a href=\"https:\/\/www.menalib.de\/english\/\">Home page<\/a><\/span><\/span><\/p>\t\t\t\t<\/div>\n\t\t\t\t<\/div>\n\t\t\t\t\t<\/div>\n\t\t\t\t<\/div>\n\t\t<div class=\"elementor-element elementor-element-1c254c62 e-flex e-con-boxed e-con e-parent\" data-id=\"1c254c62\" data-element_type=\"container\">\n\t\t\t\t\t<div class=\"e-con-inner\">\n\t\t<div class=\"elementor-element elementor-element-4714a785 e-flex e-con-boxed e-con e-child\" data-id=\"4714a785\" data-element_type=\"container\">\n\t\t\t\t\t<div class=\"e-con-inner\">\n\t\t\t\t\t<\/div>\n\t\t\t\t<\/div>\n\t\t\t\t\t<\/div>\n\t\t\t\t<\/div>\n\t\t<div class=\"elementor-element elementor-element-3985f13a e-flex e-con-boxed e-con e-parent\" data-id=\"3985f13a\" data-element_type=\"container\">\n\t\t\t\t\t<div class=\"e-con-inner\">\n\t\t<div class=\"elementor-element elementor-element-74a4946d e-con-full e-flex e-con e-child\" data-id=\"74a4946d\" data-element_type=\"container\">\n\t\t\t\t<div class=\"elementor-element elementor-element-4255d0f6 elementor-widget__width-initial elementor-widget-divider--view-line elementor-invisible elementor-widget elementor-widget-divider\" data-id=\"4255d0f6\" data-element_type=\"widget\" data-settings=\"{&quot;_animation&quot;:&quot;fadeInLeft&quot;}\" data-widget_type=\"divider.default\">\n\t\t\t\t\t\t\t<div class=\"elementor-divider\">\n\t\t\t<span class=\"elementor-divider-separator\">\n\t\t\t\t\t\t<\/span>\n\t\t<\/div>\n\t\t\t\t\t\t<\/div>\n\t\t\t\t<\/div>\n\t\t<div class=\"elementor-element elementor-element-60ffde9d e-con-full e-flex e-con e-child\" data-id=\"60ffde9d\" data-element_type=\"container\">\n\t\t\t\t<div class=\"elementor-element elementor-element-87e9ca4 elementor-widget elementor-widget-heading\" data-id=\"87e9ca4\" data-element_type=\"widget\" data-widget_type=\"heading.default\">\n\t\t\t\t\t<span class=\"elementor-heading-title elementor-size-default\">A new service of the FID Middle East<\/span>\t\t\t\t<\/div>\n\t\t\t\t<div class=\"elementor-element elementor-element-4cfa316e elementor-widget elementor-widget-text-editor\" data-id=\"4cfa316e\" data-element_type=\"widget\" data-widget_type=\"text-editor.default\">\n\t\t\t\t\t\t\t\t\t<p>A central focus of the work of the FID Middle East-, North African- and Islamic Studies is to procure and provide academically relevant literature from and about the Middle East. In order to make these valuable resources accessible to researchers throughout Germany, a research apparatus has been established in the form of a long-term interlibrary loan programme.<\/p><p>This offer enables participating institutions to borrow books from the FID Middle East collection for a fixed period of up to six months. Access to the FID research apparatus is requested by the management of the relevant institute or institution. The identifier issued after allocation can then be passed on to all authorised employees.<\/p>\t\t\t\t\t\t\t\t<\/div>\n\t\t\t\t<\/div>\n\t\t\t\t\t<\/div>\n\t\t\t\t<\/div>\n\t\t<div class=\"elementor-element elementor-element-01d1375 e-flex e-con-boxed e-con e-parent\" data-id=\"01d1375\" data-element_type=\"container\">\n\t\t\t\t\t<div class=\"e-con-inner\">\n\t\t<div class=\"elementor-element elementor-element-24f990e e-con-full e-flex e-con e-child\" data-id=\"24f990e\" data-element_type=\"container\">\n\t\t\t\t<div class=\"elementor-element elementor-element-c80f6fd elementor-widget__width-initial elementor-widget-divider--view-line elementor-invisible elementor-widget elementor-widget-divider\" data-id=\"c80f6fd\" data-element_type=\"widget\" data-settings=\"{&quot;_animation&quot;:&quot;fadeInLeft&quot;}\" data-widget_type=\"divider.default\">\n\t\t\t\t\t\t\t<div class=\"elementor-divider\">\n\t\t\t<span class=\"elementor-divider-separator\">\n\t\t\t\t\t\t<\/span>\n\t\t<\/div>\n\t\t\t\t\t\t<\/div>\n\t\t\t\t<\/div>\n\t\t<div class=\"elementor-element elementor-element-b480aeb e-con-full e-flex e-con e-child\" data-id=\"b480aeb\" data-element_type=\"container\">\n\t\t\t\t<div class=\"elementor-element elementor-element-d3f1a10 elementor-widget elementor-widget-heading\" data-id=\"d3f1a10\" data-element_type=\"widget\" data-widget_type=\"heading.default\">\n\t\t\t\t\t<span class=\"elementor-heading-title elementor-size-default\">Procedure and application<\/span>\t\t\t\t<\/div>\n\t\t\t\t<div class=\"elementor-element elementor-element-be5dd54 elementor-widget elementor-widget-text-editor\" data-id=\"be5dd54\" data-element_type=\"widget\" data-widget_type=\"text-editor.default\">\n\t\t\t\t\t\t\t\t\t<p>Registration takes place by completing the form FID Research Apparatus - Application for special conditions for interlibrary loans.<\/p><p>\u00a0<\/p><p><strong>Please note that this offer focuses exclusively on research literature that corresponds to our acquisition profile for the Middle East.<\/strong><\/p>\t\t\t\t\t\t\t\t<\/div>\n\t\t\t\t<div class=\"elementor-element elementor-element-2d7d428 elementor-position-left elementor-widget__width-initial elementor-mobile-position-left elementor-view-default elementor-widget elementor-widget-icon-box\" data-id=\"2d7d428\" data-element_type=\"widget\" data-widget_type=\"icon-box.default\">\n\t\t\t\t\t\t\t<div class=\"elementor-icon-box-wrapper\">\n\n\t\t\t\t\t\t<div class=\"elementor-icon-box-icon\">\n\t\t\t\t<a href=\"\/wp-content\/uploads\/sites\/2\/2025\/09\/Formular_FID-Forschungsapparat_2025-02-11.pdf\" target=\"_blank\" class=\"elementor-icon\" tabindex=\"-1\" aria-label=\"Download application here\">\n\t\t\t\t<svg aria-hidden=\"true\" class=\"e-font-icon-svg e-fas-arrow-down\" viewbox=\"0 0 448 512\" xmlns=\"http:\/\/www.w3.org\/2000\/svg\"><path d=\"M413.1 222.5l22.2 22.2c9.4 9.4 9.4 24.6 0 33.9L241 473c-9.4 9.4-24.6 9.4-33.9 0L12.7 278.6c-9.4-9.4-9.4-24.6 0-33.9l22.2-22.2c9.5-9.5 25-9.3 34.3.4L184 343.4V56c0-13.3 10.7-24 24-24h32c13.3 0 24 10.7 24 24v287.4l114.8-120.5c9.3-9.8 24.8-10 34.3-.4z\"><\/path><\/svg>\t\t\t\t<\/a>\n\t\t\t<\/div>\n\t\t\t\n\t\t\t\t\t\t<div class=\"elementor-icon-box-content\">\n\n\t\t\t\t\t\t\t\t\t<span class=\"elementor-icon-box-title\">\n\t\t\t\t\t\t<a href=\"\/wp-content\/uploads\/sites\/2\/2025\/09\/Formular_FID-Forschungsapparat_2025-02-11.pdf\" target=\"_blank\" >\n\t\t\t\t\t\t\tDownload application here\t\t\t\t\t\t<\/a>\n\t\t\t\t\t<\/span>\n\t\t\t\t\n\t\t\t\t\t\t\t\t\t<p class=\"elementor-icon-box-description\">\n\t\t\t\t\t\t(PDF not barrier-free)\t\t\t\t\t<\/p>\n\t\t\t\t\n\t\t\t<\/div>\n\t\t\t\n\t\t<\/div>\n\t\t\t\t\t\t<\/div>\n\t\t\t\t<div class=\"elementor-element elementor-element-2854e17 elementor-widget elementor-widget-text-editor\" data-id=\"2854e17\" data-element_type=\"widget\" data-widget_type=\"text-editor.default\">\n\t\t\t\t\t\t\t\t\t<p>Please send the printed and signed form as a scanned document by e-mail to the Interlibrary Loan Department of the University and State Library of Saxony-Anhalt:\u00a0<a href=\"mailto:fernleihe@bibliothek.uni-halle.de\">fernleihe@bibliothek.uni-halle.de<\/a><\/p><p>\u00a0<\/p><p><strong>Please note that it is necessary to regularly check that your details are up to date even after you have registered.<\/strong><\/p>\t\t\t\t\t\t\t\t<\/div>\n\t\t\t\t<\/div>\n\t\t\t\t\t<\/div>\n\t\t\t\t<\/div>\n\t\t\t\t<\/div>","protected":false},"excerpt":{"rendered":"<p>A new service from the FID Middle East A central focus of the work of the FID Middle East, North Africa and Islamic Studies is to procure and provide scientifically relevant literature from and about the Middle East. In order to make these valuable resources available to researchers throughout Germany, a research apparatus in the form of a long-term interlibrary loan service has been established. This service enables [\u2026]<\/p>","protected":false},"author":4,"featured_media":0,"parent":335,"menu_order":0,"comment_status":"closed","ping_status":"closed","template":"","meta":{"footnotes":""},"class_list":["post-353","page","type-page","status-publish","hentry"],"yoast_head":"<!-- This site is optimized with the Yoast SEO plugin v25.9 - https:\/\/yoast.com\/wordpress\/plugins\/seo\/ -->\n<title>Forschungsapparat in der Fernleihe - MENAlib - Webportal des FID Nahost-, Nordafrika- und Islamstudien<\/title>\n<meta name=\"robots\" content=\"index, follow, max-snippet:-1, max-image-preview:large, max-video-preview:-1\" \/>\n<link rel=\"canonical\" href=\"https:\/\/www.menalib.de\/english\/service\/interlibrary-loan\/research-apparatus-in-the-interlibrary-loan-system\/\" \/>\n<meta property=\"og:locale\" content=\"en_GB\" \/>\n<meta property=\"og:type\" content=\"article\" \/>\n<meta property=\"og:title\" content=\"Forschungsapparat in der Fernleihe - MENAlib - Webportal des FID Nahost-, Nordafrika- und Islamstudien\" \/>\n<meta property=\"og:description\" content=\"Ein neuer Service des FID Nahost Ein zentraler Fokus der Arbeit des FID Nahost-, Nordafrika- und Islamstudien liegt darin, wissenschaftlich relevante Literatur aus und \u00fcber den Nahen Osten zu beschaffen und bereitzustellen. Um diese wertvollen Ressourcen fl\u00e4chendeckend den Forschenden deutschlandweit zug\u00e4nglich zu machen, wurde ein Forschungsapparat in Form einer l\u00e4ngerfristigen Fernleihe etabliert. Dieses Angebot erm\u00f6glicht [&hellip;]\" \/>\n<meta property=\"og:url\" content=\"https:\/\/www.menalib.de\/english\/service\/interlibrary-loan\/research-apparatus-in-the-interlibrary-loan-system\/\" \/>\n<meta property=\"og:site_name\" content=\"MENAlib - Webportal des FID Nahost-, Nordafrika- und Islamstudien\" \/>\n<meta property=\"article:modified_time\" content=\"2025-11-06T12:07:55+00:00\" \/>\n<meta name=\"twitter:card\" content=\"summary_large_image\" \/>\n<script type=\"application\/ld+json\" class=\"yoast-schema-graph\">{\"@context\":\"https:\/\/schema.org\",\"@graph\":[{\"@type\":\"WebPage\",\"@id\":\"https:\/\/www.menalib.de\/service\/fernleihe\/forschungsapparat-in-der-fernleihe\/\",\"url\":\"https:\/\/www.menalib.de\/service\/fernleihe\/forschungsapparat-in-der-fernleihe\/\",\"name\":\"Forschungsapparat in der Fernleihe - MENAlib - Webportal des FID Nahost-, Nordafrika- und Islamstudien\",\"isPartOf\":{\"@id\":\"https:\/\/www.menalib.de\/#website\"},\"datePublished\":\"2025-09-25T07:13:48+00:00\",\"dateModified\":\"2025-11-06T12:07:55+00:00\",\"breadcrumb\":{\"@id\":\"https:\/\/www.menalib.de\/service\/fernleihe\/forschungsapparat-in-der-fernleihe\/#breadcrumb\"},\"inLanguage\":\"en-GB\",\"potentialAction\":[{\"@type\":\"ReadAction\",\"target\":[\"https:\/\/www.menalib.de\/service\/fernleihe\/forschungsapparat-in-der-fernleihe\/\"]}]},{\"@type\":\"BreadcrumbList\",\"@id\":\"https:\/\/www.menalib.de\/service\/fernleihe\/forschungsapparat-in-der-fernleihe\/#breadcrumb\",\"itemListElement\":[{\"@type\":\"ListItem\",\"position\":1,\"name\":\"Startseite\",\"item\":\"https:\/\/www.menalib.de\/\"},{\"@type\":\"ListItem\",\"position\":2,\"name\":\"Service\",\"item\":\"https:\/\/www.menalib.de\/service\/\"},{\"@type\":\"ListItem\",\"position\":3,\"name\":\"Fernleihe\",\"item\":\"https:\/\/www.menalib.de\/service\/fernleihe\/\"},{\"@type\":\"ListItem\",\"position\":4,\"name\":\"Forschungsapparat in der Fernleihe\"}]},{\"@type\":\"WebSite\",\"@id\":\"https:\/\/www.menalib.de\/#website\",\"url\":\"https:\/\/www.menalib.de\/\",\"name\":\"MENAlib - Webportal des FID Nahost-, Nordafrika- und Islamstudien\",\"description\":\"\",\"publisher\":{\"@id\":\"https:\/\/www.menalib.de\/#organization\"},\"potentialAction\":[{\"@type\":\"SearchAction\",\"target\":{\"@type\":\"EntryPoint\",\"urlTemplate\":\"https:\/\/www.menalib.de\/?s={search_term_string}\"},\"query-input\":{\"@type\":\"PropertyValueSpecification\",\"valueRequired\":true,\"valueName\":\"search_term_string\"}}],\"inLanguage\":\"en-GB\"},{\"@type\":\"Organization\",\"@id\":\"https:\/\/www.menalib.de\/#organization\",\"name\":\"MENAlib - Webportal des FID Nahost-, Nordafrika- und Islamstudien\",\"url\":\"https:\/\/www.menalib.de\/\",\"logo\":{\"@type\":\"ImageObject\",\"inLanguage\":\"en-GB\",\"@id\":\"https:\/\/www.menalib.de\/#\/schema\/logo\/image\/\",\"url\":\"https:\/\/www.menalib.de\/wp-content\/uploads\/sites\/2\/2025\/09\/fid-logo-high-end-2025.jpg\",\"contentUrl\":\"https:\/\/www.menalib.de\/wp-content\/uploads\/sites\/2\/2025\/09\/fid-logo-high-end-2025.jpg\",\"width\":968,\"height\":529,\"caption\":\"MENAlib - Webportal des FID Nahost-, Nordafrika- und Islamstudien\"},\"image\":{\"@id\":\"https:\/\/www.menalib.de\/#\/schema\/logo\/image\/\"}}]}<\/script>\n<!-- \/ Yoast SEO plugin. -->","yoast_head_json":{"title":"Research apparatus in the interlibrary loan system - MENAlib - Webportal des FID Nahost-, Nordafrika- und Islamstudien","robots":{"index":"index","follow":"follow","max-snippet":"max-snippet:-1","max-image-preview":"max-image-preview:large","max-video-preview":"max-video-preview:-1"},"canonical":"https:\/\/www.menalib.de\/english\/service\/interlibrary-loan\/research-apparatus-in-the-interlibrary-loan-system\/","og_locale":"en_GB","og_type":"article","og_title":"Forschungsapparat in der Fernleihe - MENAlib - Webportal des FID Nahost-, Nordafrika- und Islamstudien","og_description":"Ein neuer Service des FID Nahost Ein zentraler Fokus der Arbeit des FID Nahost-, Nordafrika- und Islamstudien liegt darin, wissenschaftlich relevante Literatur aus und \u00fcber den Nahen Osten zu beschaffen und bereitzustellen. Um diese wertvollen Ressourcen fl\u00e4chendeckend den Forschenden deutschlandweit zug\u00e4nglich zu machen, wurde ein Forschungsapparat in Form einer l\u00e4ngerfristigen Fernleihe etabliert. Dieses Angebot erm\u00f6glicht [&hellip;]","og_url":"https:\/\/www.menalib.de\/english\/service\/interlibrary-loan\/research-apparatus-in-the-interlibrary-loan-system\/","og_site_name":"MENAlib - Webportal des FID Nahost-, Nordafrika- und Islamstudien","article_modified_time":"2025-11-06T12:07:55+00:00","twitter_card":"summary_large_image","schema":{"@context":"https:\/\/schema.org","@graph":[{"@type":"WebPage","@id":"https:\/\/www.menalib.de\/service\/fernleihe\/forschungsapparat-in-der-fernleihe\/","url":"https:\/\/www.menalib.de\/service\/fernleihe\/forschungsapparat-in-der-fernleihe\/","name":"Research apparatus in the interlibrary loan system - MENAlib - Webportal des FID Nahost-, Nordafrika- und Islamstudien","isPartOf":{"@id":"https:\/\/www.menalib.de\/#website"},"datePublished":"2025-09-25T07:13:48+00:00","dateModified":"2025-11-06T12:07:55+00:00","breadcrumb":{"@id":"https:\/\/www.menalib.de\/service\/fernleihe\/forschungsapparat-in-der-fernleihe\/#breadcrumb"},"inLanguage":"en-GB","potentialAction":[{"@type":"ReadAction","target":["https:\/\/www.menalib.de\/service\/fernleihe\/forschungsapparat-in-der-fernleihe\/"]}]},{"@type":"BreadcrumbList","@id":"https:\/\/www.menalib.de\/service\/fernleihe\/forschungsapparat-in-der-fernleihe\/#breadcrumb","itemListElement":[{"@type":"ListItem","position":1,"name":"Startseite","item":"https:\/\/www.menalib.de\/"},{"@type":"ListItem","position":2,"name":"Service","item":"https:\/\/www.menalib.de\/service\/"},{"@type":"ListItem","position":3,"name":"Fernleihe","item":"https:\/\/www.menalib.de\/service\/fernleihe\/"},{"@type":"ListItem","position":4,"name":"Forschungsapparat in der Fernleihe"}]},{"@type":"WebSite","@id":"https:\/\/www.menalib.de\/#website","url":"https:\/\/www.menalib.de\/","name":"MENAlib - Web portal of the FID Middle East, North Africa and Islamic Studies","description":"","publisher":{"@id":"https:\/\/www.menalib.de\/#organization"},"potentialAction":[{"@type":"SearchAction","target":{"@type":"EntryPoint","urlTemplate":"https:\/\/www.menalib.de\/?s={search_term_string}"},"query-input":{"@type":"PropertyValueSpecification","valueRequired":true,"valueName":"search_term_string"}}],"inLanguage":"en-GB"},{"@type":"Organization","@id":"https:\/\/www.menalib.de\/#organization","name":"MENAlib - Web portal of the FID Middle East, North Africa and Islamic Studies","url":"https:\/\/www.menalib.de\/","logo":{"@type":"ImageObject","inLanguage":"en-GB","@id":"https:\/\/www.menalib.de\/#\/schema\/logo\/image\/","url":"https:\/\/www.menalib.de\/wp-content\/uploads\/sites\/2\/2025\/09\/fid-logo-high-end-2025.jpg","contentUrl":"https:\/\/www.menalib.de\/wp-content\/uploads\/sites\/2\/2025\/09\/fid-logo-high-end-2025.jpg","width":968,"height":529,"caption":"MENAlib - Webportal des FID Nahost-, Nordafrika- und Islamstudien"},"image":{"@id":"https:\/\/www.menalib.de\/#\/schema\/logo\/image\/"}}]}},"_links":{"self":[{"href":"https:\/\/www.menalib.de\/english\/wp-json\/wp\/v2\/pages\/353","targetHints":{"allow":["GET"]}}],"collection":[{"href":"https:\/\/www.menalib.de\/english\/wp-json\/wp\/v2\/pages"}],"about":[{"href":"https:\/\/www.menalib.de\/english\/wp-json\/wp\/v2\/types\/page"}],"author":[{"embeddable":true,"href":"https:\/\/www.menalib.de\/english\/wp-json\/wp\/v2\/users\/4"}],"replies":[{"embeddable":true,"href":"https:\/\/www.menalib.de\/english\/wp-json\/wp\/v2\/comments?post=353"}],"version-history":[{"count":16,"href":"https:\/\/www.menalib.de\/english\/wp-json\/wp\/v2\/pages\/353\/revisions"}],"predecessor-version":[{"id":2939,"href":"https:\/\/www.menalib.de\/english\/wp-json\/wp\/v2\/pages\/353\/revisions\/2939"}],"up":[{"embeddable":true,"href":"https:\/\/www.menalib.de\/english\/wp-json\/wp\/v2\/pages\/335"}],"wp:attachment":[{"href":"https:\/\/www.menalib.de\/english\/wp-json\/wp\/v2\/media?parent=353"}],"curies":[{"name":"wp","href":"https:\/\/api.w.org\/{rel}","templated":true}]}}