{"id":311,"date":"2025-09-25T09:06:39","date_gmt":"2025-09-25T07:06:39","guid":{"rendered":"https:\/\/menalib.bibliothek.uni-halle.de\/?page_id=311"},"modified":"2025-10-28T13:05:53","modified_gmt":"2025-10-28T12:05:53","slug":"digital-resources","status":"publish","type":"page","link":"https:\/\/www.menalib.de\/english\/digital-resources\/","title":{"rendered":"Digital resources"},"content":{"rendered":"<div data-elementor-type=\"wp-page\" data-elementor-id=\"311\" class=\"elementor elementor-311\" data-elementor-post-type=\"page\">\n\t\t\t\t<div class=\"elementor-element elementor-element-5547e65 e-flex e-con-boxed e-con e-parent\" data-id=\"5547e65\" data-element_type=\"container\">\n\t\t\t\t\t<div class=\"e-con-inner\">\n\t\t<div class=\"elementor-element elementor-element-e77aee3 e-con-full e-flex e-con e-child\" data-id=\"e77aee3\" data-element_type=\"container\">\n\t\t\t\t<div class=\"elementor-element elementor-element-364cf70 elementor-widget elementor-widget-breadcrumbs\" data-id=\"364cf70\" data-element_type=\"widget\" data-widget_type=\"breadcrumbs.default\">\n\t\t\t\t\t<p id=\"breadcrumbs\"><span><span><a href=\"https:\/\/www.menalib.de\/english\/\">Home page<\/a><\/span><\/span><\/p>\t\t\t\t<\/div>\n\t\t\t\t<\/div>\n\t\t\t\t\t<\/div>\n\t\t\t\t<\/div>\n\t\t<div class=\"elementor-element elementor-element-cf48e46 e-flex e-con-boxed e-con e-parent\" data-id=\"cf48e46\" data-element_type=\"container\">\n\t\t\t\t\t<div class=\"e-con-inner\">\n\t\t<div class=\"elementor-element elementor-element-f983461 e-flex e-con-boxed e-con e-child\" data-id=\"f983461\" data-element_type=\"container\">\n\t\t\t\t\t<div class=\"e-con-inner\">\n\t\t\t\t<div class=\"elementor-element elementor-element-d0cafe1 elementor-widget__width-initial elementor-widget elementor-widget-text-editor\" data-id=\"d0cafe1\" data-element_type=\"widget\" data-widget_type=\"text-editor.default\">\n\t\t\t\t\t\t\t\t\t<p>Menalib offers central access to the digital resources provided by the FID Middle East and enables research in a large number of subject-relevant databases, catalogues and other sources of information from and about the MENA region.<\/p>\t\t\t\t\t\t\t\t<\/div>\n\t\t\t\t\t<\/div>\n\t\t\t\t<\/div>\n\t\t\t\t\t<\/div>\n\t\t\t\t<\/div>\n\t\t<div class=\"elementor-element elementor-element-d9106c8 e-flex e-con-boxed e-con e-parent\" data-id=\"d9106c8\" data-element_type=\"container\">\n\t\t\t\t\t<div class=\"e-con-inner\">\n\t\t<div class=\"elementor-element elementor-element-90a1fc8 e-con-full e-flex e-con e-child\" data-id=\"90a1fc8\" data-element_type=\"container\">\n\t\t\t\t<div class=\"elementor-element elementor-element-874e22b elementor-widget__width-initial elementor-widget-divider--view-line elementor-invisible elementor-widget elementor-widget-divider\" data-id=\"874e22b\" data-element_type=\"widget\" data-settings=\"{&quot;_animation&quot;:&quot;fadeInLeft&quot;}\" data-widget_type=\"divider.default\">\n\t\t\t\t\t\t\t<div class=\"elementor-divider\">\n\t\t\t<span class=\"elementor-divider-separator\">\n\t\t\t\t\t\t<\/span>\n\t\t<\/div>\n\t\t\t\t\t\t<\/div>\n\t\t\t\t<\/div>\n\t\t<div class=\"elementor-element elementor-element-3cefb9d e-con-full e-flex e-con e-child\" data-id=\"3cefb9d\" data-element_type=\"container\">\n\t\t\t\t<div class=\"elementor-element elementor-element-b658a81 elementor-widget elementor-widget-heading\" data-id=\"b658a81\" data-element_type=\"widget\" data-widget_type=\"heading.default\">\n\t\t\t\t\t<h2 class=\"elementor-heading-title elementor-size-default\">Overview of digital resources<\/h2>\t\t\t\t<\/div>\n\t\t<div class=\"elementor-element elementor-element-fa953ae e-con-full e-flex e-con e-child\" data-id=\"fa953ae\" data-element_type=\"container\">\n\t\t<a class=\"elementor-element elementor-element-b08ffbf e-con-full hover-cont e-flex e-con e-child\" data-id=\"b08ffbf\" data-element_type=\"container\" data-settings=\"{&quot;background_background&quot;:&quot;gradient&quot;}\" href=\"https:\/\/www.menalib.de\/english\/digital-resources\/menadoc-search\/\">\n\t\t\t\t<div class=\"elementor-element elementor-element-5c8f742 elementor-widget elementor-widget-heading\" data-id=\"5c8f742\" data-element_type=\"widget\" data-widget_type=\"heading.default\">\n\t\t\t\t\t<h3 class=\"elementor-heading-title elementor-size-default\">MENAdoc (search)<\/h3>\t\t\t\t<\/div>\n\t\t\t\t<div class=\"elementor-element elementor-element-b641f8b elementor-widget elementor-widget-text-editor\" data-id=\"b641f8b\" data-element_type=\"widget\" data-widget_type=\"text-editor.default\">\n\t\t\t\t\t\t\t\t\t<p>We offer worldwide free access to a large number of digital sources and publications relating to the MENA region and Islam via the MENAdoc portal.<\/p>\t\t\t\t\t\t\t\t<\/div>\n\t\t<div class=\"elementor-element elementor-element-51f6a37 e-con-full e-flex e-con e-child\" data-id=\"51f6a37\" data-element_type=\"container\">\n\t\t\t\t<div class=\"elementor-element elementor-element-9c9d64f elementor-widget elementor-widget-text-editor\" data-id=\"9c9d64f\" data-element_type=\"widget\" data-widget_type=\"text-editor.default\">\n\t\t\t\t\t\t\t\t\t<p>Read more<\/p>\t\t\t\t\t\t\t\t<\/div>\n\t\t\t\t<div class=\"elementor-element elementor-element-7e25df6 elementor-widget__width-auto elementor-view-default elementor-widget elementor-widget-icon\" data-id=\"7e25df6\" data-element_type=\"widget\" data-widget_type=\"icon.default\">\n\t\t\t\t\t\t\t<div class=\"elementor-icon-wrapper\">\n\t\t\t<div class=\"elementor-icon\">\n\t\t\t<svg xmlns=\"http:\/\/www.w3.org\/2000\/svg\" xmlns:xlink=\"http:\/\/www.w3.org\/1999\/xlink\" id=\"button-pfeil\" x=\"0px\" y=\"0px\" viewbox=\"0 0 264.9 159.6\" style=\"enable-background:new 0 0 264.9 159.6;\" xml:space=\"preserve\"><style type=\"text\/css\">\t.Schlagschatten{fill:none;}\t.Abgerundete_x0020_Ecken_x0020_2_x0020_Pt_x002E_{fill:#FFFFFF;stroke:#000000;stroke-miterlimit:10;}\t.Interaktiv_x0020_X_x0020_spiegeln{fill:none;}\t.Weich_x0020_abgeflachte_x0020_Kante{fill:url(#SVGID_1_);}\t.Abendd\u00e4mmerung{fill:#FFFFFF;}\t.Laub_GS{fill:#FFDD00;}\t.Pompadour_GS{fill-rule:evenodd;clip-rule:evenodd;fill:#51AEE2;}\t.st0{fill:#9BC34C;}\t.st1{fill:#414141;}\t.st2{fill:#414141;stroke:#414141;stroke-width:5;stroke-linecap:round;stroke-linejoin:round;stroke-miterlimit:10;}<\/style><lineargradient id=\"SVGID_1_\" gradientunits=\"userSpaceOnUse\" x1=\"-147.6482\" y1=\"-121.71\" x2=\"-146.9411\" y2=\"-121.0029\">\t<stop offset=\"0\" style=\"stop-color:#E6E6EB\"><\/stop>\t<stop offset=\"0.1738\" style=\"stop-color:#E2E2E6\"><\/stop>\t<stop offset=\"0.352\" style=\"stop-color:#D5D4D8\"><\/stop>\t<stop offset=\"0.5323\" style=\"stop-color:#C0BFC2\"><\/stop>\t<stop offset=\"0.7139\" style=\"stop-color:#A4A2A4\"><\/stop>\t<stop offset=\"0.8949\" style=\"stop-color:#828282\"><\/stop>\t<stop offset=\"1\" style=\"stop-color:#6B6E6E\"><\/stop><\/lineargradient><circle id=\"Kreis\" class=\"st0\" cx=\"184.5\" cy=\"78.3\" r=\"73.4\"><\/circle><g id=\"Pfeil\">\t<path class=\"st1\" d=\"M214.2,75.6l-39.5-22.8c-2.1-1.2-4.7,0.3-4.7,2.7v45.6c0,2.4,2.6,4,4.7,2.7L214.2,81  C216.3,79.8,216.3,76.8,214.2,75.6z\"><\/path>\t<line class=\"st2\" x1=\"206.3\" y1=\"78.4\" x2=\"9.2\" y2=\"78.4\"><\/line><\/g><\/svg>\t\t\t<\/div>\n\t\t<\/div>\n\t\t\t\t\t\t<\/div>\n\t\t\t\t<\/div>\n\t\t\t\t<\/a>\n\t\t<a class=\"elementor-element elementor-element-5e4c377 e-con-full hover-cont e-flex e-con e-child\" data-id=\"5e4c377\" data-element_type=\"container\" data-settings=\"{&quot;background_background&quot;:&quot;gradient&quot;}\" href=\"https:\/\/www.menalib.de\/english\/digital-resources\/licensed-databases\/\">\n\t\t\t\t<div class=\"elementor-element elementor-element-25f9b20 elementor-widget elementor-widget-heading\" data-id=\"25f9b20\" data-element_type=\"widget\" data-widget_type=\"heading.default\">\n\t\t\t\t\t<h3 class=\"elementor-heading-title elementor-size-default\">Licensed databases<\/h3>\t\t\t\t<\/div>\n\t\t\t\t<div class=\"elementor-element elementor-element-e823d12 elementor-widget elementor-widget-text-editor\" data-id=\"e823d12\" data-element_type=\"widget\" data-widget_type=\"text-editor.default\">\n\t\t\t\t\t\t\t\t\t<p>The FID provides access to electronic products subject to licence such as databases, e-books and e-journals throughout Germany.<\/p>\t\t\t\t\t\t\t\t<\/div>\n\t\t<div class=\"elementor-element elementor-element-9a5ca2a e-con-full e-flex e-con e-child\" data-id=\"9a5ca2a\" data-element_type=\"container\">\n\t\t\t\t<div class=\"elementor-element elementor-element-5b5fb45 elementor-widget elementor-widget-text-editor\" data-id=\"5b5fb45\" data-element_type=\"widget\" data-widget_type=\"text-editor.default\">\n\t\t\t\t\t\t\t\t\t<p>Read more<\/p>\t\t\t\t\t\t\t\t<\/div>\n\t\t\t\t<div class=\"elementor-element elementor-element-3e9683f elementor-widget__width-auto elementor-view-default elementor-widget elementor-widget-icon\" data-id=\"3e9683f\" data-element_type=\"widget\" data-widget_type=\"icon.default\">\n\t\t\t\t\t\t\t<div class=\"elementor-icon-wrapper\">\n\t\t\t<div class=\"elementor-icon\">\n\t\t\t<svg xmlns=\"http:\/\/www.w3.org\/2000\/svg\" xmlns:xlink=\"http:\/\/www.w3.org\/1999\/xlink\" id=\"button-pfeil\" x=\"0px\" y=\"0px\" viewbox=\"0 0 264.9 159.6\" style=\"enable-background:new 0 0 264.9 159.6;\" xml:space=\"preserve\"><style type=\"text\/css\">\t.Schlagschatten{fill:none;}\t.Abgerundete_x0020_Ecken_x0020_2_x0020_Pt_x002E_{fill:#FFFFFF;stroke:#000000;stroke-miterlimit:10;}\t.Interaktiv_x0020_X_x0020_spiegeln{fill:none;}\t.Weich_x0020_abgeflachte_x0020_Kante{fill:url(#SVGID_1_);}\t.Abendd\u00e4mmerung{fill:#FFFFFF;}\t.Laub_GS{fill:#FFDD00;}\t.Pompadour_GS{fill-rule:evenodd;clip-rule:evenodd;fill:#51AEE2;}\t.st0{fill:#9BC34C;}\t.st1{fill:#414141;}\t.st2{fill:#414141;stroke:#414141;stroke-width:5;stroke-linecap:round;stroke-linejoin:round;stroke-miterlimit:10;}<\/style><lineargradient id=\"SVGID_1_\" gradientunits=\"userSpaceOnUse\" x1=\"-147.6482\" y1=\"-121.71\" x2=\"-146.9411\" y2=\"-121.0029\">\t<stop offset=\"0\" style=\"stop-color:#E6E6EB\"><\/stop>\t<stop offset=\"0.1738\" style=\"stop-color:#E2E2E6\"><\/stop>\t<stop offset=\"0.352\" style=\"stop-color:#D5D4D8\"><\/stop>\t<stop offset=\"0.5323\" style=\"stop-color:#C0BFC2\"><\/stop>\t<stop offset=\"0.7139\" style=\"stop-color:#A4A2A4\"><\/stop>\t<stop offset=\"0.8949\" style=\"stop-color:#828282\"><\/stop>\t<stop offset=\"1\" style=\"stop-color:#6B6E6E\"><\/stop><\/lineargradient><circle id=\"Kreis\" class=\"st0\" cx=\"184.5\" cy=\"78.3\" r=\"73.4\"><\/circle><g id=\"Pfeil\">\t<path class=\"st1\" d=\"M214.2,75.6l-39.5-22.8c-2.1-1.2-4.7,0.3-4.7,2.7v45.6c0,2.4,2.6,4,4.7,2.7L214.2,81  C216.3,79.8,216.3,76.8,214.2,75.6z\"><\/path>\t<line class=\"st2\" x1=\"206.3\" y1=\"78.4\" x2=\"9.2\" y2=\"78.4\"><\/line><\/g><\/svg>\t\t\t<\/div>\n\t\t<\/div>\n\t\t\t\t\t\t<\/div>\n\t\t\t\t<\/div>\n\t\t\t\t<\/a>\n\t\t\t\t<\/div>\n\t\t\t\t<\/div>\n\t\t\t\t\t<\/div>\n\t\t\t\t<\/div>\n\t\t\t\t<\/div>","protected":false},"excerpt":{"rendered":"<p>Menalib provides centralised access to the digital resources made available by FID Middle East and enables users to search a wide range of subject-specific databases, catalogues and other information sources from and about the MENA region. Overview of digital resources MENAdoc (search) Through the MENAdoc portal, our specialist information service offers free worldwide access to a wide range of digital sources and publications [\u2026]<\/p>","protected":false},"author":4,"featured_media":0,"parent":0,"menu_order":0,"comment_status":"closed","ping_status":"closed","template":"","meta":{"footnotes":""},"class_list":["post-311","page","type-page","status-publish","hentry"],"yoast_head":"<!-- This site is optimized with the Yoast SEO plugin v25.9 - https:\/\/yoast.com\/wordpress\/plugins\/seo\/ -->\n<title>Digitale Ressourcen - MENAlib - Webportal des FID Nahost-, Nordafrika- und Islamstudien<\/title>\n<meta name=\"robots\" content=\"index, follow, max-snippet:-1, max-image-preview:large, max-video-preview:-1\" \/>\n<link rel=\"canonical\" href=\"https:\/\/www.menalib.de\/english\/digital-resources\/\" \/>\n<meta property=\"og:locale\" content=\"en_GB\" \/>\n<meta property=\"og:type\" content=\"article\" \/>\n<meta property=\"og:title\" content=\"Digitale Ressourcen - MENAlib - Webportal des FID Nahost-, Nordafrika- und Islamstudien\" \/>\n<meta property=\"og:description\" content=\"Menalib bietet einen zentralen Zugang zu den \u00fcber den FID Nahost bereitgestellten digitalen Ressourcen und erm\u00f6glicht die Recherche in einer Vielzahl fachrelevanter Datenbanken, Kataloge und weiterer Informationsquellen aus und \u00fcber die MENA-Region. \u00dcbersicht Digitale Ressourcen MENAdoc (Suche) \u00dcber das Portal MENAdoc bietet unser Fachinformationsdienst weltweit freien Zugang zu einer Vielzahl von digitalen Quellen und Ver\u00f6ffentlichungen [&hellip;]\" \/>\n<meta property=\"og:url\" content=\"https:\/\/www.menalib.de\/english\/digital-resources\/\" \/>\n<meta property=\"og:site_name\" content=\"MENAlib - Webportal des FID Nahost-, Nordafrika- und Islamstudien\" \/>\n<meta property=\"article:modified_time\" content=\"2025-10-28T12:05:53+00:00\" \/>\n<meta name=\"twitter:card\" content=\"summary_large_image\" \/>\n<script type=\"application\/ld+json\" class=\"yoast-schema-graph\">{\"@context\":\"https:\/\/schema.org\",\"@graph\":[{\"@type\":\"WebPage\",\"@id\":\"https:\/\/www.menalib.de\/digitale-ressourcen\/\",\"url\":\"https:\/\/www.menalib.de\/digitale-ressourcen\/\",\"name\":\"Digitale Ressourcen - MENAlib - Webportal des FID Nahost-, Nordafrika- und Islamstudien\",\"isPartOf\":{\"@id\":\"https:\/\/www.menalib.de\/#website\"},\"datePublished\":\"2025-09-25T07:06:39+00:00\",\"dateModified\":\"2025-10-28T12:05:53+00:00\",\"breadcrumb\":{\"@id\":\"https:\/\/www.menalib.de\/digitale-ressourcen\/#breadcrumb\"},\"inLanguage\":\"en-GB\",\"potentialAction\":[{\"@type\":\"ReadAction\",\"target\":[\"https:\/\/www.menalib.de\/digitale-ressourcen\/\"]}]},{\"@type\":\"BreadcrumbList\",\"@id\":\"https:\/\/www.menalib.de\/digitale-ressourcen\/#breadcrumb\",\"itemListElement\":[{\"@type\":\"ListItem\",\"position\":1,\"name\":\"Startseite\",\"item\":\"https:\/\/www.menalib.de\/\"},{\"@type\":\"ListItem\",\"position\":2,\"name\":\"Digitale Ressourcen\"}]},{\"@type\":\"WebSite\",\"@id\":\"https:\/\/www.menalib.de\/#website\",\"url\":\"https:\/\/www.menalib.de\/\",\"name\":\"MENAlib - Webportal des FID Nahost-, Nordafrika- und Islamstudien\",\"description\":\"\",\"publisher\":{\"@id\":\"https:\/\/www.menalib.de\/#organization\"},\"potentialAction\":[{\"@type\":\"SearchAction\",\"target\":{\"@type\":\"EntryPoint\",\"urlTemplate\":\"https:\/\/www.menalib.de\/?s={search_term_string}\"},\"query-input\":{\"@type\":\"PropertyValueSpecification\",\"valueRequired\":true,\"valueName\":\"search_term_string\"}}],\"inLanguage\":\"en-GB\"},{\"@type\":\"Organization\",\"@id\":\"https:\/\/www.menalib.de\/#organization\",\"name\":\"MENAlib - Webportal des FID Nahost-, Nordafrika- und Islamstudien\",\"url\":\"https:\/\/www.menalib.de\/\",\"logo\":{\"@type\":\"ImageObject\",\"inLanguage\":\"en-GB\",\"@id\":\"https:\/\/www.menalib.de\/#\/schema\/logo\/image\/\",\"url\":\"https:\/\/www.menalib.de\/wp-content\/uploads\/sites\/2\/2025\/09\/fid-logo-high-end-2025.jpg\",\"contentUrl\":\"https:\/\/www.menalib.de\/wp-content\/uploads\/sites\/2\/2025\/09\/fid-logo-high-end-2025.jpg\",\"width\":968,\"height\":529,\"caption\":\"MENAlib - Webportal des FID Nahost-, Nordafrika- und Islamstudien\"},\"image\":{\"@id\":\"https:\/\/www.menalib.de\/#\/schema\/logo\/image\/\"}}]}<\/script>\n<!-- \/ Yoast SEO plugin. -->","yoast_head_json":{"title":"Digital Resources - MENAlib - Web Portal of the FID Middle Eastern, North African and Islamic Studies","robots":{"index":"index","follow":"follow","max-snippet":"max-snippet:-1","max-image-preview":"max-image-preview:large","max-video-preview":"max-video-preview:-1"},"canonical":"https:\/\/www.menalib.de\/english\/digital-resources\/","og_locale":"en_GB","og_type":"article","og_title":"Digitale Ressourcen - MENAlib - Webportal des FID Nahost-, Nordafrika- und Islamstudien","og_description":"Menalib bietet einen zentralen Zugang zu den \u00fcber den FID Nahost bereitgestellten digitalen Ressourcen und erm\u00f6glicht die Recherche in einer Vielzahl fachrelevanter Datenbanken, Kataloge und weiterer Informationsquellen aus und \u00fcber die MENA-Region. \u00dcbersicht Digitale Ressourcen MENAdoc (Suche) \u00dcber das Portal MENAdoc bietet unser Fachinformationsdienst weltweit freien Zugang zu einer Vielzahl von digitalen Quellen und Ver\u00f6ffentlichungen [&hellip;]","og_url":"https:\/\/www.menalib.de\/english\/digital-resources\/","og_site_name":"MENAlib - Webportal des FID Nahost-, Nordafrika- und Islamstudien","article_modified_time":"2025-10-28T12:05:53+00:00","twitter_card":"summary_large_image","schema":{"@context":"https:\/\/schema.org","@graph":[{"@type":"WebPage","@id":"https:\/\/www.menalib.de\/digitale-ressourcen\/","url":"https:\/\/www.menalib.de\/digitale-ressourcen\/","name":"Digital Resources - MENAlib - Web Portal of the FID Middle Eastern, North African and Islamic Studies","isPartOf":{"@id":"https:\/\/www.menalib.de\/#website"},"datePublished":"2025-09-25T07:06:39+00:00","dateModified":"2025-10-28T12:05:53+00:00","breadcrumb":{"@id":"https:\/\/www.menalib.de\/digitale-ressourcen\/#breadcrumb"},"inLanguage":"en-GB","potentialAction":[{"@type":"ReadAction","target":["https:\/\/www.menalib.de\/digitale-ressourcen\/"]}]},{"@type":"BreadcrumbList","@id":"https:\/\/www.menalib.de\/digitale-ressourcen\/#breadcrumb","itemListElement":[{"@type":"ListItem","position":1,"name":"Startseite","item":"https:\/\/www.menalib.de\/"},{"@type":"ListItem","position":2,"name":"Digitale Ressourcen"}]},{"@type":"WebSite","@id":"https:\/\/www.menalib.de\/#website","url":"https:\/\/www.menalib.de\/","name":"MENAlib - Web portal of the FID Middle East, North Africa and Islamic Studies","description":"","publisher":{"@id":"https:\/\/www.menalib.de\/#organization"},"potentialAction":[{"@type":"SearchAction","target":{"@type":"EntryPoint","urlTemplate":"https:\/\/www.menalib.de\/?s={search_term_string}"},"query-input":{"@type":"PropertyValueSpecification","valueRequired":true,"valueName":"search_term_string"}}],"inLanguage":"en-GB"},{"@type":"Organization","@id":"https:\/\/www.menalib.de\/#organization","name":"MENAlib - Web portal of the FID Middle East, North Africa and Islamic Studies","url":"https:\/\/www.menalib.de\/","logo":{"@type":"ImageObject","inLanguage":"en-GB","@id":"https:\/\/www.menalib.de\/#\/schema\/logo\/image\/","url":"https:\/\/www.menalib.de\/wp-content\/uploads\/sites\/2\/2025\/09\/fid-logo-high-end-2025.jpg","contentUrl":"https:\/\/www.menalib.de\/wp-content\/uploads\/sites\/2\/2025\/09\/fid-logo-high-end-2025.jpg","width":968,"height":529,"caption":"MENAlib - Webportal des FID Nahost-, Nordafrika- und Islamstudien"},"image":{"@id":"https:\/\/www.menalib.de\/#\/schema\/logo\/image\/"}}]}},"_links":{"self":[{"href":"https:\/\/www.menalib.de\/english\/wp-json\/wp\/v2\/pages\/311","targetHints":{"allow":["GET"]}}],"collection":[{"href":"https:\/\/www.menalib.de\/english\/wp-json\/wp\/v2\/pages"}],"about":[{"href":"https:\/\/www.menalib.de\/english\/wp-json\/wp\/v2\/types\/page"}],"author":[{"embeddable":true,"href":"https:\/\/www.menalib.de\/english\/wp-json\/wp\/v2\/users\/4"}],"replies":[{"embeddable":true,"href":"https:\/\/www.menalib.de\/english\/wp-json\/wp\/v2\/comments?post=311"}],"version-history":[{"count":16,"href":"https:\/\/www.menalib.de\/english\/wp-json\/wp\/v2\/pages\/311\/revisions"}],"predecessor-version":[{"id":2673,"href":"https:\/\/www.menalib.de\/english\/wp-json\/wp\/v2\/pages\/311\/revisions\/2673"}],"wp:attachment":[{"href":"https:\/\/www.menalib.de\/english\/wp-json\/wp\/v2\/media?parent=311"}],"curies":[{"name":"wp","href":"https:\/\/api.w.org\/{rel}","templated":true}]}}