{"id":2585,"date":"2025-10-27T10:36:01","date_gmt":"2025-10-27T09:36:01","guid":{"rendered":"https:\/\/menalib.bibliothek.uni-halle.de\/?page_id=2585"},"modified":"2025-12-03T12:39:47","modified_gmt":"2025-12-03T11:39:47","slug":"the-location-of-the-fid-middle-east","status":"publish","type":"page","link":"https:\/\/www.menalib.de\/english\/about-us\/the-location-of-the-fid-middle-east\/","title":{"rendered":"The location of the FID Middle East"},"content":{"rendered":"<div data-elementor-type=\"wp-page\" data-elementor-id=\"2585\" class=\"elementor elementor-2585\" data-elementor-post-type=\"page\">\n\t\t\t\t<div class=\"elementor-element elementor-element-fcd5af3 e-flex e-con-boxed e-con e-parent\" data-id=\"fcd5af3\" data-element_type=\"container\">\n\t\t\t\t\t<div class=\"e-con-inner\">\n\t\t<div class=\"elementor-element elementor-element-65c57ce e-con-full e-flex e-con e-child\" data-id=\"65c57ce\" data-element_type=\"container\" data-settings=\"{&quot;background_background&quot;:&quot;classic&quot;}\">\n\t\t<div class=\"elementor-element elementor-element-00e7b24 e-flex e-con-boxed e-con e-child\" data-id=\"00e7b24\" data-element_type=\"container\" data-settings=\"{&quot;background_background&quot;:&quot;classic&quot;}\">\n\t\t\t\t\t<div class=\"e-con-inner\">\n\t\t\t\t<div class=\"elementor-element elementor-element-8bda70c elementor-widget elementor-widget-text-editor\" data-id=\"8bda70c\" data-element_type=\"widget\" data-widget_type=\"text-editor.default\">\n\t\t\t\t\t\t\t\t\t<p>The Specialised Information Service is part of the Near East \/ Ethnology Branch Library of the University and State Library of Saxony-Anhalt in M\u00fchlweg in Halle (Saale). The library shares the building with the Oriental Institute of the MLU. With its garden, bay windows and, above all, the striking tower, the villa is still a stately location that often arouses the interest of its visitors.<\/p>\t\t\t\t\t\t\t\t<\/div>\n\t\t\t\t\t<\/div>\n\t\t\t\t<\/div>\n\t\t\t\t<\/div>\n\t\t<div class=\"elementor-element elementor-element-73112ab e-con-full e-flex e-con e-child\" data-id=\"73112ab\" data-element_type=\"container\" data-settings=\"{&quot;background_background&quot;:&quot;classic&quot;}\">\n\t\t\t\t<div class=\"elementor-element elementor-element-8af2058 elementor-widget elementor-widget-image\" data-id=\"8af2058\" data-element_type=\"widget\" data-widget_type=\"image.default\">\n\t\t\t\t\t\t\t\t\t\t\t\t\t\t\t<img fetchpriority=\"high\" decoding=\"async\" width=\"800\" height=\"670\" src=\"https:\/\/www.menalib.de\/wp-content\/uploads\/sites\/2\/2025\/10\/Institut-1200x1006-1-1024x858.jpg\" class=\"attachment-large size-large wp-image-1768\" alt=\"\" srcset=\"https:\/\/www.menalib.de\/wp-content\/uploads\/sites\/2\/2025\/10\/Institut-1200x1006-1-1024x858.jpg 1024w, https:\/\/www.menalib.de\/wp-content\/uploads\/sites\/2\/2025\/10\/Institut-1200x1006-1-300x252.jpg 300w, https:\/\/www.menalib.de\/wp-content\/uploads\/sites\/2\/2025\/10\/Institut-1200x1006-1-768x644.jpg 768w, https:\/\/www.menalib.de\/wp-content\/uploads\/sites\/2\/2025\/10\/Institut-1200x1006-1.jpg 1200w\" sizes=\"(max-width: 800px) 100vw, 800px\" \/>\t\t\t\t\t\t\t\t\t\t\t\t\t\t\t<\/div>\n\t\t\t\t<\/div>\n\t\t\t\t\t<\/div>\n\t\t\t\t<\/div>\n\t\t<div class=\"elementor-element elementor-element-5721e15 e-flex e-con-boxed e-con e-parent\" data-id=\"5721e15\" data-element_type=\"container\">\n\t\t\t\t\t<div class=\"e-con-inner\">\n\t\t<div class=\"elementor-element elementor-element-7b8f66d e-con-full e-flex e-con e-child\" data-id=\"7b8f66d\" data-element_type=\"container\">\n\t\t\t\t<div class=\"elementor-element elementor-element-802d00e elementor-widget__width-initial elementor-widget-divider--view-line elementor-invisible elementor-widget elementor-widget-divider\" data-id=\"802d00e\" data-element_type=\"widget\" data-settings=\"{&quot;_animation&quot;:&quot;fadeInLeft&quot;}\" data-widget_type=\"divider.default\">\n\t\t\t\t\t\t\t<div class=\"elementor-divider\">\n\t\t\t<span class=\"elementor-divider-separator\">\n\t\t\t\t\t\t<\/span>\n\t\t<\/div>\n\t\t\t\t\t\t<\/div>\n\t\t\t\t<\/div>\n\t\t<div class=\"elementor-element elementor-element-97e4a6f e-con-full e-flex e-con e-child\" data-id=\"97e4a6f\" data-element_type=\"container\">\n\t\t\t\t<div class=\"elementor-element elementor-element-af286a9 elementor-widget elementor-widget-heading\" data-id=\"af286a9\" data-element_type=\"widget\" data-widget_type=\"heading.default\">\n\t\t\t\t\t<span class=\"elementor-heading-title elementor-size-default\">The history of M\u00fchlweg 15<\/span>\t\t\t\t<\/div>\n\t\t\t\t<div class=\"elementor-element elementor-element-96c3e54 elementor-widget elementor-widget-text-editor\" data-id=\"96c3e54\" data-element_type=\"widget\" data-widget_type=\"text-editor.default\">\n\t\t\t\t\t\t\t\t\t<p>The villa was built in 1902 according to plans by architects Albert and Ernst Giese. The new building in the historicist style was intended to serve as a new home for the lawyer and notary Dr Hermann Kaehne and his family, which is why M\u00fchlweg 15 is still known as Villa Kaehne today.<\/p><p>After Dr Kaehne's death, the building changed hands several times and was transformed from a rented house into a guest house that hosted many national and international guests, including Walter Ulbricht and Nikita Khrushchev. After being sold by the Kaehne heiress, the land and building finally became the property of the University of Halle in 1973, which had been renting the building since 1967.<\/p><p>\u00a0<\/p><p>This was followed by extensive renovation work in 1999-2001, after which both the Oriental Institute and the University and State Library moved into the villa as a branch library for the Middle East \/ Ethnology, including the library of the German Oriental Society. The libraries' book collections were relocated to the basement, which was converted into a magazine. As this stock has grown over time, the storage area was extended in 2010. The new stacks are connected to the old section and are located under the garden. In total, M\u00fchlweg 15 houses over 223,000 items, including books, newspapers and magazines, various data carriers and objects.<\/p><p>\u00a0<\/p><p>Although media is now borrowed from the branch library on the Steintor campus, users can continue to use the reading room on the ground floor for their academic work. The reading room with its large windows, dark wood tones and book shelves reaching up to the ceiling is an ideal place for studying and researching. All you need to access and use the lockers is a library card from the ULB Saxony-Anhalt.<\/p><p>Since 2001, the special collection area \"Middle East including North Africa\" and, since 2016, the specialist information service for Middle Eastern, North African and Islamic Studies have been located on M\u00fchlweg. The physical proximity to the Oriental Institute facilitates daily exchange between research, teaching and the library.<\/p><p>\u00a0<\/p><p>You can also find further information in the <a href=\"https:\/\/de.wikipedia.org\/wiki\/Villa_Kaehne\" target=\"_blank\" rel=\"noopener\">Wikipedia entry<\/a> about Villa Kaehne.<\/p>\t\t\t\t\t\t\t\t<\/div>\n\t\t\t\t<\/div>\n\t\t\t\t\t<\/div>\n\t\t\t\t<\/div>\n\t\t\t\t<\/div>","protected":false},"excerpt":{"rendered":"<p>The specialist information service is part of the Near East\/Ethnology branch library of the Saxony-Anhalt University and State Library on M\u00fchlweg in Halle (Saale). Here, the library shares the building with the Oriental Institute of MLU. With its garden, bay windows and, above all, its striking tower, the villa is still an impressive location today, [\u2026]<\/p>","protected":false},"author":47,"featured_media":0,"parent":302,"menu_order":0,"comment_status":"closed","ping_status":"closed","template":"","meta":{"footnotes":""},"class_list":["post-2585","page","type-page","status-publish","hentry"],"yoast_head":"<!-- This site is optimized with the Yoast SEO plugin v25.9 - https:\/\/yoast.com\/wordpress\/plugins\/seo\/ -->\n<title>Der Standort des FID Nahost - MENAlib - Webportal des FID Nahost-, Nordafrika- und Islamstudien<\/title>\n<meta name=\"robots\" content=\"index, follow, max-snippet:-1, max-image-preview:large, max-video-preview:-1\" \/>\n<link rel=\"canonical\" href=\"https:\/\/www.menalib.de\/english\/about-us\/the-location-of-the-fid-middle-east\/\" \/>\n<meta property=\"og:locale\" content=\"en_GB\" \/>\n<meta property=\"og:type\" content=\"article\" \/>\n<meta property=\"og:title\" content=\"Der Standort des FID Nahost - MENAlib - Webportal des FID Nahost-, Nordafrika- und Islamstudien\" \/>\n<meta property=\"og:description\" content=\"Der Fachinformationsdienst ist als Teil der Zweigbibliothek Vorderer Orient \/ Ethnologie der Universit\u00e4ts- und Landesbibliothek Sachsen-Anhalt im M\u00fchlweg in Halle (Saale) beheimatet. Hier teilt sich die Bibliothek das Geb\u00e4ude mit dem Orientalischen Institut der MLU. Mit seinem Garten, den Erkern und vor allem dem markanten Turm ist die Villa auch heute noch ein stattlicher Standort, [&hellip;]\" \/>\n<meta property=\"og:url\" content=\"https:\/\/www.menalib.de\/english\/about-us\/the-location-of-the-fid-middle-east\/\" \/>\n<meta property=\"og:site_name\" content=\"MENAlib - Webportal des FID Nahost-, Nordafrika- und Islamstudien\" \/>\n<meta property=\"article:modified_time\" content=\"2025-12-03T11:39:47+00:00\" \/>\n<meta property=\"og:image\" content=\"https:\/\/www.menalib.de\/wp-content\/uploads\/sites\/2\/2025\/10\/Institut-1200x1006-1.jpg\" \/>\n\t<meta property=\"og:image:width\" content=\"1200\" \/>\n\t<meta property=\"og:image:height\" content=\"1006\" \/>\n\t<meta property=\"og:image:type\" content=\"image\/jpeg\" \/>\n<meta name=\"twitter:card\" content=\"summary_large_image\" \/>\n<script type=\"application\/ld+json\" class=\"yoast-schema-graph\">{\"@context\":\"https:\/\/schema.org\",\"@graph\":[{\"@type\":\"WebPage\",\"@id\":\"https:\/\/www.menalib.de\/ueber-uns\/der-standort-des-fid-nahost\/\",\"url\":\"https:\/\/www.menalib.de\/ueber-uns\/der-standort-des-fid-nahost\/\",\"name\":\"Der Standort des FID Nahost - MENAlib - Webportal des FID Nahost-, Nordafrika- und Islamstudien\",\"isPartOf\":{\"@id\":\"https:\/\/www.menalib.de\/#website\"},\"primaryImageOfPage\":{\"@id\":\"https:\/\/www.menalib.de\/ueber-uns\/der-standort-des-fid-nahost\/#primaryimage\"},\"image\":{\"@id\":\"https:\/\/www.menalib.de\/ueber-uns\/der-standort-des-fid-nahost\/#primaryimage\"},\"thumbnailUrl\":\"https:\/\/www.menalib.de\/wp-content\/uploads\/sites\/2\/2025\/10\/Institut-1200x1006-1-1024x858.jpg\",\"datePublished\":\"2025-10-27T09:36:01+00:00\",\"dateModified\":\"2025-12-03T11:39:47+00:00\",\"breadcrumb\":{\"@id\":\"https:\/\/www.menalib.de\/ueber-uns\/der-standort-des-fid-nahost\/#breadcrumb\"},\"inLanguage\":\"en-GB\",\"potentialAction\":[{\"@type\":\"ReadAction\",\"target\":[\"https:\/\/www.menalib.de\/ueber-uns\/der-standort-des-fid-nahost\/\"]}]},{\"@type\":\"ImageObject\",\"inLanguage\":\"en-GB\",\"@id\":\"https:\/\/www.menalib.de\/ueber-uns\/der-standort-des-fid-nahost\/#primaryimage\",\"url\":\"https:\/\/www.menalib.de\/wp-content\/uploads\/sites\/2\/2025\/10\/Institut-1200x1006-1-1024x858.jpg\",\"contentUrl\":\"https:\/\/www.menalib.de\/wp-content\/uploads\/sites\/2\/2025\/10\/Institut-1200x1006-1-1024x858.jpg\"},{\"@type\":\"BreadcrumbList\",\"@id\":\"https:\/\/www.menalib.de\/ueber-uns\/der-standort-des-fid-nahost\/#breadcrumb\",\"itemListElement\":[{\"@type\":\"ListItem\",\"position\":1,\"name\":\"Startseite\",\"item\":\"https:\/\/www.menalib.de\/\"},{\"@type\":\"ListItem\",\"position\":2,\"name\":\"\u00dcber uns\",\"item\":\"https:\/\/www.menalib.de\/ueber-uns\/\"},{\"@type\":\"ListItem\",\"position\":3,\"name\":\"Der Standort des FID Nahost\"}]},{\"@type\":\"WebSite\",\"@id\":\"https:\/\/www.menalib.de\/#website\",\"url\":\"https:\/\/www.menalib.de\/\",\"name\":\"MENAlib - Webportal des FID Nahost-, Nordafrika- und Islamstudien\",\"description\":\"\",\"publisher\":{\"@id\":\"https:\/\/www.menalib.de\/#organization\"},\"potentialAction\":[{\"@type\":\"SearchAction\",\"target\":{\"@type\":\"EntryPoint\",\"urlTemplate\":\"https:\/\/www.menalib.de\/?s={search_term_string}\"},\"query-input\":{\"@type\":\"PropertyValueSpecification\",\"valueRequired\":true,\"valueName\":\"search_term_string\"}}],\"inLanguage\":\"en-GB\"},{\"@type\":\"Organization\",\"@id\":\"https:\/\/www.menalib.de\/#organization\",\"name\":\"MENAlib - Webportal des FID Nahost-, Nordafrika- und Islamstudien\",\"url\":\"https:\/\/www.menalib.de\/\",\"logo\":{\"@type\":\"ImageObject\",\"inLanguage\":\"en-GB\",\"@id\":\"https:\/\/www.menalib.de\/#\/schema\/logo\/image\/\",\"url\":\"https:\/\/www.menalib.de\/wp-content\/uploads\/sites\/2\/2025\/09\/fid-logo-high-end-2025.jpg\",\"contentUrl\":\"https:\/\/www.menalib.de\/wp-content\/uploads\/sites\/2\/2025\/09\/fid-logo-high-end-2025.jpg\",\"width\":968,\"height\":529,\"caption\":\"MENAlib - Webportal des FID Nahost-, Nordafrika- und Islamstudien\"},\"image\":{\"@id\":\"https:\/\/www.menalib.de\/#\/schema\/logo\/image\/\"}}]}<\/script>\n<!-- \/ Yoast SEO plugin. -->","yoast_head_json":{"title":"The location of the FID Middle East - MENAlib - Webportal of the FID Middle East, North Africa and Islamic Studies","robots":{"index":"index","follow":"follow","max-snippet":"max-snippet:-1","max-image-preview":"max-image-preview:large","max-video-preview":"max-video-preview:-1"},"canonical":"https:\/\/www.menalib.de\/english\/about-us\/the-location-of-the-fid-middle-east\/","og_locale":"en_GB","og_type":"article","og_title":"Der Standort des FID Nahost - MENAlib - Webportal des FID Nahost-, Nordafrika- und Islamstudien","og_description":"Der Fachinformationsdienst ist als Teil der Zweigbibliothek Vorderer Orient \/ Ethnologie der Universit\u00e4ts- und Landesbibliothek Sachsen-Anhalt im M\u00fchlweg in Halle (Saale) beheimatet. Hier teilt sich die Bibliothek das Geb\u00e4ude mit dem Orientalischen Institut der MLU. Mit seinem Garten, den Erkern und vor allem dem markanten Turm ist die Villa auch heute noch ein stattlicher Standort, [&hellip;]","og_url":"https:\/\/www.menalib.de\/english\/about-us\/the-location-of-the-fid-middle-east\/","og_site_name":"MENAlib - Webportal des FID Nahost-, Nordafrika- und Islamstudien","article_modified_time":"2025-12-03T11:39:47+00:00","og_image":[{"width":1200,"height":1006,"url":"https:\/\/www.menalib.de\/wp-content\/uploads\/sites\/2\/2025\/10\/Institut-1200x1006-1.jpg","type":"image\/jpeg"}],"twitter_card":"summary_large_image","schema":{"@context":"https:\/\/schema.org","@graph":[{"@type":"WebPage","@id":"https:\/\/www.menalib.de\/ueber-uns\/der-standort-des-fid-nahost\/","url":"https:\/\/www.menalib.de\/ueber-uns\/der-standort-des-fid-nahost\/","name":"The location of the FID Middle East - MENAlib - Webportal of the FID Middle East, North Africa and Islamic Studies","isPartOf":{"@id":"https:\/\/www.menalib.de\/#website"},"primaryImageOfPage":{"@id":"https:\/\/www.menalib.de\/ueber-uns\/der-standort-des-fid-nahost\/#primaryimage"},"image":{"@id":"https:\/\/www.menalib.de\/ueber-uns\/der-standort-des-fid-nahost\/#primaryimage"},"thumbnailUrl":"https:\/\/www.menalib.de\/wp-content\/uploads\/sites\/2\/2025\/10\/Institut-1200x1006-1-1024x858.jpg","datePublished":"2025-10-27T09:36:01+00:00","dateModified":"2025-12-03T11:39:47+00:00","breadcrumb":{"@id":"https:\/\/www.menalib.de\/ueber-uns\/der-standort-des-fid-nahost\/#breadcrumb"},"inLanguage":"en-GB","potentialAction":[{"@type":"ReadAction","target":["https:\/\/www.menalib.de\/ueber-uns\/der-standort-des-fid-nahost\/"]}]},{"@type":"ImageObject","inLanguage":"en-GB","@id":"https:\/\/www.menalib.de\/ueber-uns\/der-standort-des-fid-nahost\/#primaryimage","url":"https:\/\/www.menalib.de\/wp-content\/uploads\/sites\/2\/2025\/10\/Institut-1200x1006-1-1024x858.jpg","contentUrl":"https:\/\/www.menalib.de\/wp-content\/uploads\/sites\/2\/2025\/10\/Institut-1200x1006-1-1024x858.jpg"},{"@type":"BreadcrumbList","@id":"https:\/\/www.menalib.de\/ueber-uns\/der-standort-des-fid-nahost\/#breadcrumb","itemListElement":[{"@type":"ListItem","position":1,"name":"Startseite","item":"https:\/\/www.menalib.de\/"},{"@type":"ListItem","position":2,"name":"\u00dcber uns","item":"https:\/\/www.menalib.de\/ueber-uns\/"},{"@type":"ListItem","position":3,"name":"Der Standort des FID Nahost"}]},{"@type":"WebSite","@id":"https:\/\/www.menalib.de\/#website","url":"https:\/\/www.menalib.de\/","name":"MENAlib - Web portal of the FID Middle East, North Africa and Islamic Studies","description":"","publisher":{"@id":"https:\/\/www.menalib.de\/#organization"},"potentialAction":[{"@type":"SearchAction","target":{"@type":"EntryPoint","urlTemplate":"https:\/\/www.menalib.de\/?s={search_term_string}"},"query-input":{"@type":"PropertyValueSpecification","valueRequired":true,"valueName":"search_term_string"}}],"inLanguage":"en-GB"},{"@type":"Organization","@id":"https:\/\/www.menalib.de\/#organization","name":"MENAlib - Web portal of the FID Middle East, North Africa and Islamic Studies","url":"https:\/\/www.menalib.de\/","logo":{"@type":"ImageObject","inLanguage":"en-GB","@id":"https:\/\/www.menalib.de\/#\/schema\/logo\/image\/","url":"https:\/\/www.menalib.de\/wp-content\/uploads\/sites\/2\/2025\/09\/fid-logo-high-end-2025.jpg","contentUrl":"https:\/\/www.menalib.de\/wp-content\/uploads\/sites\/2\/2025\/09\/fid-logo-high-end-2025.jpg","width":968,"height":529,"caption":"MENAlib - Webportal des FID Nahost-, Nordafrika- und Islamstudien"},"image":{"@id":"https:\/\/www.menalib.de\/#\/schema\/logo\/image\/"}}]}},"_links":{"self":[{"href":"https:\/\/www.menalib.de\/english\/wp-json\/wp\/v2\/pages\/2585","targetHints":{"allow":["GET"]}}],"collection":[{"href":"https:\/\/www.menalib.de\/english\/wp-json\/wp\/v2\/pages"}],"about":[{"href":"https:\/\/www.menalib.de\/english\/wp-json\/wp\/v2\/types\/page"}],"author":[{"embeddable":true,"href":"https:\/\/www.menalib.de\/english\/wp-json\/wp\/v2\/users\/47"}],"replies":[{"embeddable":true,"href":"https:\/\/www.menalib.de\/english\/wp-json\/wp\/v2\/comments?post=2585"}],"version-history":[{"count":15,"href":"https:\/\/www.menalib.de\/english\/wp-json\/wp\/v2\/pages\/2585\/revisions"}],"predecessor-version":[{"id":3322,"href":"https:\/\/www.menalib.de\/english\/wp-json\/wp\/v2\/pages\/2585\/revisions\/3322"}],"up":[{"embeddable":true,"href":"https:\/\/www.menalib.de\/english\/wp-json\/wp\/v2\/pages\/302"}],"wp:attachment":[{"href":"https:\/\/www.menalib.de\/english\/wp-json\/wp\/v2\/media?parent=2585"}],"curies":[{"name":"wp","href":"https:\/\/api.w.org\/{rel}","templated":true}]}}